{"id":86358,"date":"2022-06-16T13:32:10","date_gmt":"2021-04-12T13:25:00","guid":{"rendered":"http:\/\/yellowinmo.dev.theroomsocial.com\/property\/2336-2\/"},"modified":"2024-05-07T16:03:26","modified_gmt":"2024-05-07T16:03:26","slug":"2336","status":"publish","type":"wdd-property","link":"http:\/\/yellowinmo.dev.theroomsocial.com\/fr\/property\/2336\/","title":{"rendered":"Villa Campogrande"},"content":{"rendered":"<p><p>Grande villa \u00e0 vendre \u00e0 Vejer de la Frontera \u00e0 seulement 1 km du centre-ville et \u00e0 9 km de la plage. La villa a 90 m\u00b2 r\u00e9partis en 3 chambres, 1 salle de bain, salon, cuisine et v\u00e9randa couverte. La parcelle a une superficie totale de 60 000 m\u00b2 et offre de tr\u00e8s belles vues.<\/p><\/p>\n","protected":false},"author":1,"featured_media":442935,"template":"","class_list":["post-86358","wdd-property","type-wdd-property","status-publish","has-post-thumbnail","hentry","wdd-location-otras","wdd-operation-vente","wdd-property-type-villa"],"_links":{"self":[{"href":"http:\/\/yellowinmo.dev.theroomsocial.com\/fr\/wp-json\/wp\/v2\/wdd-property\/86358","targetHints":{"allow":["GET"]}}],"collection":[{"href":"http:\/\/yellowinmo.dev.theroomsocial.com\/fr\/wp-json\/wp\/v2\/wdd-property"}],"about":[{"href":"http:\/\/yellowinmo.dev.theroomsocial.com\/fr\/wp-json\/wp\/v2\/types\/wdd-property"}],"author":[{"embeddable":true,"href":"http:\/\/yellowinmo.dev.theroomsocial.com\/fr\/wp-json\/wp\/v2\/users\/1"}],"version-history":[{"count":3,"href":"http:\/\/yellowinmo.dev.theroomsocial.com\/fr\/wp-json\/wp\/v2\/wdd-property\/86358\/revisions"}],"predecessor-version":[{"id":442967,"href":"http:\/\/yellowinmo.dev.theroomsocial.com\/fr\/wp-json\/wp\/v2\/wdd-property\/86358\/revisions\/442967"}],"wp:featuredmedia":[{"embeddable":true,"href":"http:\/\/yellowinmo.dev.theroomsocial.com\/fr\/wp-json\/wp\/v2\/media\/442935"}],"wp:attachment":[{"href":"http:\/\/yellowinmo.dev.theroomsocial.com\/fr\/wp-json\/wp\/v2\/media?parent=86358"}],"curies":[{"name":"wp","href":"https:\/\/api.w.org\/{rel}","templated":true}]}}

<p><p>Grande villa à vendre à Vejer de la Frontera à seulement 1 km du centre-ville et à 9 km de la plage. La villa a 90 m² répartis en 3 chambres, 1 salle de bain, salon, cuisine et véranda couverte. La parcelle a une superficie totale de 60 000 m² et offre de très belles vues.</p></p>
