{"id":64866,"date":"2023-07-03T10:45:11","date_gmt":"2021-02-26T14:30:00","guid":{"rendered":"http:\/\/yellowinmo.dev.theroomsocial.com\/property\/2325-2\/"},"modified":"2023-07-05T05:37:34","modified_gmt":"2023-07-05T05:37:34","slug":"2325","status":"publish","type":"wdd-property","link":"http:\/\/yellowinmo.dev.theroomsocial.com\/fr\/property\/2325\/","title":{"rendered":"Villa Hawai"},"content":{"rendered":"<p><p>Villa avec piscine priv\u00e9e pour location d&rsquo;\u00e9t\u00e9 \u00e0 Chiclana de la Frontera sur la c\u00f4te de la lumi\u00e8re dans la zone appel\u00e9e Aldea del coto Coto, \u00e0 seulement 2 km de la plage de La Barrosa, quartier tr\u00e8s calme et \u00e0 quelques m\u00e8tres des commerces, bars, restaurants, supermarch\u00e9s . Dispose de 3 chambres, 1 salle de bain avec douche, s\u00e9jour avec air conditionn\u00e9, cuisine \u00e9quip\u00e9e, a en option une chambre avec lit double dans une d\u00e9pendance de la villa, place de parking, v\u00e9randa couverte, piscine avec pelouse et parquet, id\u00e9al pour vos vacances dans le sud de l&rsquo;Espagne.<\/p>\n<p>Les tarifs \u00e0 la semaine sont de : 920 \u20ac en juin, 1 380 \u20ac en juillet, 1 725 \u20ac en ao\u00fbt et 1 380 \u20ac en septembre.<\/p><\/p>\n","protected":false},"author":1,"featured_media":0,"template":"","class_list":["post-64866","wdd-property","type-wdd-property","status-publish","hentry","wdd-location-el-sotillo","wdd-operation-de-location","wdd-property-type-villa"],"_links":{"self":[{"href":"http:\/\/yellowinmo.dev.theroomsocial.com\/fr\/wp-json\/wp\/v2\/wdd-property\/64866","targetHints":{"allow":["GET"]}}],"collection":[{"href":"http:\/\/yellowinmo.dev.theroomsocial.com\/fr\/wp-json\/wp\/v2\/wdd-property"}],"about":[{"href":"http:\/\/yellowinmo.dev.theroomsocial.com\/fr\/wp-json\/wp\/v2\/types\/wdd-property"}],"author":[{"embeddable":true,"href":"http:\/\/yellowinmo.dev.theroomsocial.com\/fr\/wp-json\/wp\/v2\/users\/1"}],"version-history":[{"count":4,"href":"http:\/\/yellowinmo.dev.theroomsocial.com\/fr\/wp-json\/wp\/v2\/wdd-property\/64866\/revisions"}],"predecessor-version":[{"id":390550,"href":"http:\/\/yellowinmo.dev.theroomsocial.com\/fr\/wp-json\/wp\/v2\/wdd-property\/64866\/revisions\/390550"}],"wp:attachment":[{"href":"http:\/\/yellowinmo.dev.theroomsocial.com\/fr\/wp-json\/wp\/v2\/media?parent=64866"}],"curies":[{"name":"wp","href":"https:\/\/api.w.org\/{rel}","templated":true}]}}

<p><p>Villa avec piscine privée pour location d&rsquo;été à Chiclana de la Frontera sur la côte de la lumière dans la zone appelée Aldea del coto Coto, à seulement 2 km de la plage de La Barrosa, quartier très calme et à quelques mètres des commerces, bars, restaurants, supermarchés . Dispose de 3 chambres, 1 salle de bain avec douche, séjour avec air conditionné, cuisine équipée, a en option une chambre avec lit double dans une dépendance de la villa, place de parking, véranda couverte, piscine avec pelouse et parquet, idéal pour vos vacances dans le sud de l&rsquo;Espagne.</p>
<p>Les tarifs à la semaine sont de : 920 € en juin, 1 380 € en juillet, 1 725 € en août et 1 380 € en septembre.</p></p>
