{"id":437260,"date":"2024-05-20T21:08:19","date_gmt":"2024-04-24T19:21:59","guid":{"rendered":"http:\/\/yellowinmo.dev.theroomsocial.com\/property\/2612\/"},"modified":"2024-05-22T08:42:30","modified_gmt":"2024-05-22T08:42:30","slug":"2612","status":"publish","type":"wdd-property","link":"http:\/\/yellowinmo.dev.theroomsocial.com\/fr\/property\/2612\/","title":{"rendered":"Finca Arcos"},"content":{"rendered":"<p><p>Finca exceptionnelle \u00e0 vendre Situ\u00e9e en bordure du parc naturel de Grazalema (Sierra de Cadiz) avec vue sur les montagnes de Grazalema.<\/p>\n<p>La propri\u00e9t\u00e9 est enti\u00e8rement cl\u00f4tur\u00e9e et s&rsquo;\u00e9tend sur 4,4 hectares et est situ\u00e9e \u00e0 un niveau \u00e9lev\u00e9 avec beaucoup de calme et une vue d\u00e9gag\u00e9e \u00e0 360\u00ba.<\/p>\n<p>La maison et les b\u00e2timents ont \u00e9t\u00e9 enti\u00e8rement r\u00e9nov\u00e9s, installation \u00e9lectrique, vitrerie, plomberie dans les ann\u00e9es 2021\/22\/23.<\/p>\n<p>La maison comprend 2 chambres, 1 salle de bain \u00e9quip\u00e9e d&rsquo;une grande douche, un s\u00e9jour, une cuisine \u00e9quip\u00e9e et un local technique avec production d&rsquo;eau chaude, batteries solaires et pompe \u00e0 eau.<\/p>\n<p>et une autre construction avec une toiture compos\u00e9e de panneaux isolants et d&rsquo;une structure m\u00e9tallique, une dalle en b\u00e9ton arm\u00e9 et une surface couverte de 8m x6m, hauteur de 3,5 m \u00e0 3 m.<\/p>\n<p>C&rsquo;est un bon espace pour installer 3 stalles pour chevaux si vous le souhaitez.<\/p>\n<p>Actuellement, on y trouve des oliviers de production, des ch\u00eanes centenaires, des ch\u00eanes-li\u00e8ges, des dizaines d&rsquo;oliviers sauvages, des amandiers, des figuiers et des arbres indig\u00e8nes.<\/p>\n<p>Bref, c&rsquo;est une bonne propri\u00e9t\u00e9 pour les amoureux de la nature.<\/p>\n<p>Enviar comentarios<\/p>\n<p>Paneles laterales<\/p><\/p>\n","protected":false},"author":1,"featured_media":437096,"template":"","class_list":["post-437260","wdd-property","type-wdd-property","status-publish","has-post-thumbnail","hentry","wdd-operation-vente","wdd-property-type-finca-rustica"],"_links":{"self":[{"href":"http:\/\/yellowinmo.dev.theroomsocial.com\/fr\/wp-json\/wp\/v2\/wdd-property\/437260","targetHints":{"allow":["GET"]}}],"collection":[{"href":"http:\/\/yellowinmo.dev.theroomsocial.com\/fr\/wp-json\/wp\/v2\/wdd-property"}],"about":[{"href":"http:\/\/yellowinmo.dev.theroomsocial.com\/fr\/wp-json\/wp\/v2\/types\/wdd-property"}],"author":[{"embeddable":true,"href":"http:\/\/yellowinmo.dev.theroomsocial.com\/fr\/wp-json\/wp\/v2\/users\/1"}],"version-history":[{"count":1,"href":"http:\/\/yellowinmo.dev.theroomsocial.com\/fr\/wp-json\/wp\/v2\/wdd-property\/437260\/revisions"}],"predecessor-version":[{"id":439779,"href":"http:\/\/yellowinmo.dev.theroomsocial.com\/fr\/wp-json\/wp\/v2\/wdd-property\/437260\/revisions\/439779"}],"wp:featuredmedia":[{"embeddable":true,"href":"http:\/\/yellowinmo.dev.theroomsocial.com\/fr\/wp-json\/wp\/v2\/media\/437096"}],"wp:attachment":[{"href":"http:\/\/yellowinmo.dev.theroomsocial.com\/fr\/wp-json\/wp\/v2\/media?parent=437260"}],"curies":[{"name":"wp","href":"https:\/\/api.w.org\/{rel}","templated":true}]}}

<p><p>Finca exceptionnelle à vendre Située en bordure du parc naturel de Grazalema (Sierra de Cadiz) avec vue sur les montagnes de Grazalema.</p>
<p>La propriété est entièrement clôturée et s&rsquo;étend sur 4,4 hectares et est située à un niveau élevé avec beaucoup de calme et une vue dégagée à 360º.</p>
<p>La maison et les bâtiments ont été entièrement rénovés, installation électrique, vitrerie, plomberie dans les années 2021/22/23.</p>
<p>La maison comprend 2 chambres, 1 salle de bain équipée d&rsquo;une grande douche, un séjour, une cuisine équipée et un local technique avec production d&rsquo;eau chaude, batteries solaires et pompe à eau.</p>
<p>et une autre construction avec une toiture composée de panneaux isolants et d&rsquo;une structure métallique, une dalle en béton armé et une surface couverte de 8m x6m, hauteur de 3,5 m à 3 m.</p>
<p>C&rsquo;est un bon espace pour installer 3 stalles pour chevaux si vous le souhaitez.</p>
<p>Actuellement, on y trouve des oliviers de production, des chênes centenaires, des chênes-lièges, des dizaines d&rsquo;oliviers sauvages, des amandiers, des figuiers et des arbres indigènes.</p>
<p>Bref, c&rsquo;est une bonne propriété pour les amoureux de la nature.</p>
<p>Enviar comentarios</p>
<p>Paneles laterales</p></p>
