{"id":432461,"date":"2024-03-06T13:05:27","date_gmt":"2024-03-06T13:05:27","guid":{"rendered":"http:\/\/yellowinmo.dev.theroomsocial.com\/property\/2604\/"},"modified":"2024-03-08T05:36:03","modified_gmt":"2024-03-08T05:36:03","slug":"2604","status":"publish","type":"wdd-property","link":"http:\/\/yellowinmo.dev.theroomsocial.com\/fr\/property\/2604\/","title":{"rendered":"Villa Costa y Mar"},"content":{"rendered":"<p><p>Villa individuelle dans le quartier de La Barrosa \u00e0 seulement 300 m de la plage, elle a 218 m2 construits et un terrain de 529 m2.<\/p>\n<\/p>\n<p>Il est distribu\u00e9 en 4 chambres avec placards int\u00e9gr\u00e9s, trois salles de bains, grand salon, porche avant et arri\u00e8re.<\/p>\n<p>Au rez-de-chauss\u00e9e se trouvent le hall, le salon avec chemin\u00e9e, une chambre double, une salle de bain compl\u00e8te, une cuisine avec acc\u00e8s au porche.<\/p>\n<p>Le premier \u00e9tage comprend 3 chambres, deux salles de bains et une terrasse avec vue sur les environs.<\/p>\n<p>Il a un sous-sol ouvert<\/p>\n<p>Bref, c&rsquo;est un bon chalet avec un tr\u00e8s bon emplacement \u00e0 seulement 2 minutes \u00e0 pied de la fantastique plage de La Barrosa.<\/p>\n<p>avec de bonnes qualit\u00e9s de construction, climatisation centrale<\/p><\/p>\n","protected":false},"author":1,"featured_media":432333,"template":"","class_list":["post-432461","wdd-property","type-wdd-property","status-publish","has-post-thumbnail","hentry","wdd-location-la-barrosa","wdd-operation-vente","wdd-property-type-villa"],"_links":{"self":[{"href":"http:\/\/yellowinmo.dev.theroomsocial.com\/fr\/wp-json\/wp\/v2\/wdd-property\/432461","targetHints":{"allow":["GET"]}}],"collection":[{"href":"http:\/\/yellowinmo.dev.theroomsocial.com\/fr\/wp-json\/wp\/v2\/wdd-property"}],"about":[{"href":"http:\/\/yellowinmo.dev.theroomsocial.com\/fr\/wp-json\/wp\/v2\/types\/wdd-property"}],"author":[{"embeddable":true,"href":"http:\/\/yellowinmo.dev.theroomsocial.com\/fr\/wp-json\/wp\/v2\/users\/1"}],"version-history":[{"count":1,"href":"http:\/\/yellowinmo.dev.theroomsocial.com\/fr\/wp-json\/wp\/v2\/wdd-property\/432461\/revisions"}],"predecessor-version":[{"id":432697,"href":"http:\/\/yellowinmo.dev.theroomsocial.com\/fr\/wp-json\/wp\/v2\/wdd-property\/432461\/revisions\/432697"}],"wp:featuredmedia":[{"embeddable":true,"href":"http:\/\/yellowinmo.dev.theroomsocial.com\/fr\/wp-json\/wp\/v2\/media\/432333"}],"wp:attachment":[{"href":"http:\/\/yellowinmo.dev.theroomsocial.com\/fr\/wp-json\/wp\/v2\/media?parent=432461"}],"curies":[{"name":"wp","href":"https:\/\/api.w.org\/{rel}","templated":true}]}}

<p><p>Villa individuelle dans le quartier de La Barrosa à seulement 300 m de la plage, elle a 218 m2 construits et un terrain de 529 m2.</p>
</p>
<p>Il est distribué en 4 chambres avec placards intégrés, trois salles de bains, grand salon, porche avant et arrière.</p>
<p>Au rez-de-chaussée se trouvent le hall, le salon avec cheminée, une chambre double, une salle de bain complète, une cuisine avec accès au porche.</p>
<p>Le premier étage comprend 3 chambres, deux salles de bains et une terrasse avec vue sur les environs.</p>
<p>Il a un sous-sol ouvert</p>
<p>Bref, c&rsquo;est un bon chalet avec un très bon emplacement à seulement 2 minutes à pied de la fantastique plage de La Barrosa.</p>
<p>avec de bonnes qualités de construction, climatisation centrale</p></p>
