{"id":430070,"date":"2024-02-08T13:19:26","date_gmt":"2024-02-08T13:19:26","guid":{"rendered":"http:\/\/yellowinmo.dev.theroomsocial.com\/property\/2594\/"},"modified":"2024-02-10T05:35:52","modified_gmt":"2024-02-10T05:35:52","slug":"2594","status":"publish","type":"wdd-property","link":"http:\/\/yellowinmo.dev.theroomsocial.com\/fr\/property\/2594\/","title":{"rendered":"Villa Granizo"},"content":{"rendered":"<p><p>Grande villa de conception andalouse \u00e0 Chiclana de la Frontera dans la r\u00e9gion de Las Vequetas \/ Palillejo, elle b\u00e9n\u00e9ficie d&rsquo;un bon emplacement et dispose d&rsquo;un terrain total d\u00e9tach\u00e9 de 4416 m2, la majeure partie du terrain est couverte d&rsquo;arbres fruitiers, la villa a un total de 100 m2 , distribu\u00e9 en 3 chambres, 1 salle de bain, cuisine \u00e9quip\u00e9e et salon avec chemin\u00e9e et une salle \u00e0 manger de 43 m2, il y a aussi un garage de 57 m2 et un d\u00e9barras de 66 m2. L&rsquo;eau de puits, votre propre compteur d&rsquo;\u00e9lectricit\u00e9 et tous les m\u00e8tres carr\u00e9s sont inscrits au registre foncier est une bonne offre.<\/p><\/p>\n","protected":false},"author":1,"featured_media":429990,"template":"","class_list":["post-430070","wdd-property","type-wdd-property","status-publish","has-post-thumbnail","hentry","wdd-location-el-chaparral","wdd-operation-vente","wdd-property-type-villa"],"_links":{"self":[{"href":"http:\/\/yellowinmo.dev.theroomsocial.com\/fr\/wp-json\/wp\/v2\/wdd-property\/430070","targetHints":{"allow":["GET"]}}],"collection":[{"href":"http:\/\/yellowinmo.dev.theroomsocial.com\/fr\/wp-json\/wp\/v2\/wdd-property"}],"about":[{"href":"http:\/\/yellowinmo.dev.theroomsocial.com\/fr\/wp-json\/wp\/v2\/types\/wdd-property"}],"author":[{"embeddable":true,"href":"http:\/\/yellowinmo.dev.theroomsocial.com\/fr\/wp-json\/wp\/v2\/users\/1"}],"version-history":[{"count":1,"href":"http:\/\/yellowinmo.dev.theroomsocial.com\/fr\/wp-json\/wp\/v2\/wdd-property\/430070\/revisions"}],"predecessor-version":[{"id":430274,"href":"http:\/\/yellowinmo.dev.theroomsocial.com\/fr\/wp-json\/wp\/v2\/wdd-property\/430070\/revisions\/430274"}],"wp:featuredmedia":[{"embeddable":true,"href":"http:\/\/yellowinmo.dev.theroomsocial.com\/fr\/wp-json\/wp\/v2\/media\/429990"}],"wp:attachment":[{"href":"http:\/\/yellowinmo.dev.theroomsocial.com\/fr\/wp-json\/wp\/v2\/media?parent=430070"}],"curies":[{"name":"wp","href":"https:\/\/api.w.org\/{rel}","templated":true}]}}

<p><p>Grande villa de conception andalouse à Chiclana de la Frontera dans la région de Las Vequetas / Palillejo, elle bénéficie d&rsquo;un bon emplacement et dispose d&rsquo;un terrain total détaché de 4416 m2, la majeure partie du terrain est couverte d&rsquo;arbres fruitiers, la villa a un total de 100 m2 , distribué en 3 chambres, 1 salle de bain, cuisine équipée et salon avec cheminée et une salle à manger de 43 m2, il y a aussi un garage de 57 m2 et un débarras de 66 m2. L&rsquo;eau de puits, votre propre compteur d&rsquo;électricité et tous les mètres carrés sont inscrits au registre foncier est une bonne offre.</p></p>
