{"id":422353,"date":"2023-12-11T19:24:05","date_gmt":"2023-12-11T19:24:05","guid":{"rendered":"http:\/\/yellowinmo.dev.theroomsocial.com\/property\/2587\/"},"modified":"2023-12-13T05:34:51","modified_gmt":"2023-12-13T05:34:51","slug":"2587","status":"publish","type":"wdd-property","link":"http:\/\/yellowinmo.dev.theroomsocial.com\/fr\/property\/2587\/","title":{"rendered":"Villa Fuerte"},"content":{"rendered":"<p><p>La Villa Fuerte est situ\u00e9e dans un quartier calme de Chiclana de la Frontera. D&rsquo;une superficie totale construite de 228 m2 sur un terrain d\u00e9tach\u00e9 de 560 m2. La maison de 112 m\u00b2 comprend trois chambres doubles, une grande cuisine, deux salles de bains et un salon avec chemin\u00e9e.<\/p>\n<p>Il dispose d&rsquo;une piscine priv\u00e9e de 32 m\u00b2 et d&rsquo;un entrep\u00f4t de 59 m\u00b2 \u00e0 r\u00e9nover partiellement.<\/p>\n<p>Bref, c&rsquo;est une bonne villa pour une famille.<\/p><\/p>\n","protected":false},"author":1,"featured_media":422297,"template":"","class_list":["post-422353","wdd-property","type-wdd-property","status-publish","has-post-thumbnail","hentry","wdd-location-carretera-de-medina","wdd-operation-vente","wdd-property-type-villa","wdd-property-label-destacado-estrella"],"_links":{"self":[{"href":"http:\/\/yellowinmo.dev.theroomsocial.com\/fr\/wp-json\/wp\/v2\/wdd-property\/422353","targetHints":{"allow":["GET"]}}],"collection":[{"href":"http:\/\/yellowinmo.dev.theroomsocial.com\/fr\/wp-json\/wp\/v2\/wdd-property"}],"about":[{"href":"http:\/\/yellowinmo.dev.theroomsocial.com\/fr\/wp-json\/wp\/v2\/types\/wdd-property"}],"author":[{"embeddable":true,"href":"http:\/\/yellowinmo.dev.theroomsocial.com\/fr\/wp-json\/wp\/v2\/users\/1"}],"version-history":[{"count":1,"href":"http:\/\/yellowinmo.dev.theroomsocial.com\/fr\/wp-json\/wp\/v2\/wdd-property\/422353\/revisions"}],"predecessor-version":[{"id":422417,"href":"http:\/\/yellowinmo.dev.theroomsocial.com\/fr\/wp-json\/wp\/v2\/wdd-property\/422353\/revisions\/422417"}],"wp:featuredmedia":[{"embeddable":true,"href":"http:\/\/yellowinmo.dev.theroomsocial.com\/fr\/wp-json\/wp\/v2\/media\/422297"}],"wp:attachment":[{"href":"http:\/\/yellowinmo.dev.theroomsocial.com\/fr\/wp-json\/wp\/v2\/media?parent=422353"}],"curies":[{"name":"wp","href":"https:\/\/api.w.org\/{rel}","templated":true}]}}

<p><p>La Villa Fuerte est située dans un quartier calme de Chiclana de la Frontera. D&rsquo;une superficie totale construite de 228 m2 sur un terrain détaché de 560 m2. La maison de 112 m² comprend trois chambres doubles, une grande cuisine, deux salles de bains et un salon avec cheminée.</p>
<p>Il dispose d&rsquo;une piscine privée de 32 m² et d&rsquo;un entrepôt de 59 m² à rénover partiellement.</p>
<p>Bref, c&rsquo;est une bonne villa pour une famille.</p></p>
