{"id":413695,"date":"2023-12-28T20:15:16","date_gmt":"2023-10-17T11:47:33","guid":{"rendered":"http:\/\/yellowinmo.dev.theroomsocial.com\/property\/2580\/"},"modified":"2023-12-30T05:35:38","modified_gmt":"2023-12-30T05:35:38","slug":"2580","status":"publish","type":"wdd-property","link":"http:\/\/yellowinmo.dev.theroomsocial.com\/fr\/property\/2580\/","title":{"rendered":"Villa Novo Melilla"},"content":{"rendered":"<p><p>Les deux Villas \u00e0 vendre sont situ\u00e9es dans le quartier de Pago Melilla, entour\u00e9es d&rsquo;un environnement calme et agr\u00e9able. Le terrain a une superficie de 1100m2 et il y a deux chalets ind\u00e9pendants.<\/p>\n<\/p>\n<p>Le premier chalet comprend une chambre, une salle de bain compl\u00e8te, un salon chaleureux et une cuisine \u00e9quip\u00e9e. C&rsquo;est l&rsquo;endroit id\u00e9al pour ceux qui recherchent un espace intime et confortable.<\/p>\n<\/p>\n<p>D&rsquo;autre part, le deuxi\u00e8me chalet poss\u00e8de deux grandes chambres, une salle de bain compl\u00e8te, une cuisine compl\u00e8te et un salon lumineux. Ce chalet est id\u00e9al pour les familles ou ceux qui souhaitent avoir un peu plus d&rsquo;espace.<\/p>\n<\/p>\n<p>Les deux chalets sont entour\u00e9s d&rsquo;un magnifique jardin qui offre un environnement naturel et attrayant. De plus, sa proximit\u00e9 avec la plage Novo Sancti Petri, \u00e0 seulement 800 m\u00e8tres, fait de cette propri\u00e9t\u00e9 une option encore plus attractive pour profiter de la mer et des activit\u00e9s de plein air.<\/p>\n<\/p>\n<p>En r\u00e9sum\u00e9, cette villa \u00e0 vendre dans le quartier de Pago Melilla offre deux options de logement ind\u00e9pendantes, avec des caract\u00e9ristiques et des conforts diff\u00e9rents, mais toutes deux encadr\u00e9es dans un environnement calme et avec un beau jardin. Son emplacement privil\u00e9gi\u00e9 \u00e0 proximit\u00e9 de la plage en fait une excellente opportunit\u00e9 pour ceux qui recherchent une vie calme et relaxante pr\u00e8s de la mer.<\/p><\/p>\n","protected":false},"author":1,"featured_media":413623,"template":"","class_list":["post-413695","wdd-property","type-wdd-property","status-publish","has-post-thumbnail","hentry","wdd-operation-vente","wdd-property-type-villa"],"_links":{"self":[{"href":"http:\/\/yellowinmo.dev.theroomsocial.com\/fr\/wp-json\/wp\/v2\/wdd-property\/413695","targetHints":{"allow":["GET"]}}],"collection":[{"href":"http:\/\/yellowinmo.dev.theroomsocial.com\/fr\/wp-json\/wp\/v2\/wdd-property"}],"about":[{"href":"http:\/\/yellowinmo.dev.theroomsocial.com\/fr\/wp-json\/wp\/v2\/types\/wdd-property"}],"author":[{"embeddable":true,"href":"http:\/\/yellowinmo.dev.theroomsocial.com\/fr\/wp-json\/wp\/v2\/users\/1"}],"version-history":[{"count":1,"href":"http:\/\/yellowinmo.dev.theroomsocial.com\/fr\/wp-json\/wp\/v2\/wdd-property\/413695\/revisions"}],"predecessor-version":[{"id":414303,"href":"http:\/\/yellowinmo.dev.theroomsocial.com\/fr\/wp-json\/wp\/v2\/wdd-property\/413695\/revisions\/414303"}],"wp:featuredmedia":[{"embeddable":true,"href":"http:\/\/yellowinmo.dev.theroomsocial.com\/fr\/wp-json\/wp\/v2\/media\/413623"}],"wp:attachment":[{"href":"http:\/\/yellowinmo.dev.theroomsocial.com\/fr\/wp-json\/wp\/v2\/media?parent=413695"}],"curies":[{"name":"wp","href":"https:\/\/api.w.org\/{rel}","templated":true}]}}

<p><p>Les deux Villas à vendre sont situées dans le quartier de Pago Melilla, entourées d&rsquo;un environnement calme et agréable. Le terrain a une superficie de 1100m2 et il y a deux chalets indépendants.</p>
</p>
<p>Le premier chalet comprend une chambre, une salle de bain complète, un salon chaleureux et une cuisine équipée. C&rsquo;est l&rsquo;endroit idéal pour ceux qui recherchent un espace intime et confortable.</p>
</p>
<p>D&rsquo;autre part, le deuxième chalet possède deux grandes chambres, une salle de bain complète, une cuisine complète et un salon lumineux. Ce chalet est idéal pour les familles ou ceux qui souhaitent avoir un peu plus d&rsquo;espace.</p>
</p>
<p>Les deux chalets sont entourés d&rsquo;un magnifique jardin qui offre un environnement naturel et attrayant. De plus, sa proximité avec la plage Novo Sancti Petri, à seulement 800 mètres, fait de cette propriété une option encore plus attractive pour profiter de la mer et des activités de plein air.</p>
</p>
<p>En résumé, cette villa à vendre dans le quartier de Pago Melilla offre deux options de logement indépendantes, avec des caractéristiques et des conforts différents, mais toutes deux encadrées dans un environnement calme et avec un beau jardin. Son emplacement privilégié à proximité de la plage en fait une excellente opportunité pour ceux qui recherchent une vie calme et relaxante près de la mer.</p></p>
