{"id":406274,"date":"2023-09-14T17:35:16","date_gmt":"2023-09-14T17:35:16","guid":{"rendered":"http:\/\/yellowinmo.dev.theroomsocial.com\/property\/2571\/"},"modified":"2023-09-16T05:35:20","modified_gmt":"2023-09-16T05:35:20","slug":"2571","status":"publish","type":"wdd-property","link":"http:\/\/yellowinmo.dev.theroomsocial.com\/fr\/property\/2571\/","title":{"rendered":"Villa Veque"},"content":{"rendered":"<p><p>La villa \u00e0 vendre \u00e0 Chiclana de la Frontera est situ\u00e9e dans le quartier Las Vequetas de Chiclana de la Frontera et a une superficie de 143 m\u00b2, un d\u00e9barras de 66 m\u00b2 et un parking couvert d&rsquo;environ 57 m2 et 4700 m\u00b2. de terre. Cette propri\u00e9t\u00e9 offre suffisamment d&rsquo;espace et de commodit\u00e9s pour profiter d&rsquo;une vie calme et confortable. Avec son agrandissement g\u00e9n\u00e9reux.<\/p>\n<p>Distance \u00e0 la plage 2,5 km<\/p><\/p>\n","protected":false},"author":1,"featured_media":406194,"template":"","class_list":["post-406274","wdd-property","type-wdd-property","status-publish","has-post-thumbnail","hentry","wdd-location-las-veguetas","wdd-operation-vente","wdd-property-type-villa"],"_links":{"self":[{"href":"http:\/\/yellowinmo.dev.theroomsocial.com\/fr\/wp-json\/wp\/v2\/wdd-property\/406274","targetHints":{"allow":["GET"]}}],"collection":[{"href":"http:\/\/yellowinmo.dev.theroomsocial.com\/fr\/wp-json\/wp\/v2\/wdd-property"}],"about":[{"href":"http:\/\/yellowinmo.dev.theroomsocial.com\/fr\/wp-json\/wp\/v2\/types\/wdd-property"}],"author":[{"embeddable":true,"href":"http:\/\/yellowinmo.dev.theroomsocial.com\/fr\/wp-json\/wp\/v2\/users\/1"}],"version-history":[{"count":1,"href":"http:\/\/yellowinmo.dev.theroomsocial.com\/fr\/wp-json\/wp\/v2\/wdd-property\/406274\/revisions"}],"predecessor-version":[{"id":406683,"href":"http:\/\/yellowinmo.dev.theroomsocial.com\/fr\/wp-json\/wp\/v2\/wdd-property\/406274\/revisions\/406683"}],"wp:featuredmedia":[{"embeddable":true,"href":"http:\/\/yellowinmo.dev.theroomsocial.com\/fr\/wp-json\/wp\/v2\/media\/406194"}],"wp:attachment":[{"href":"http:\/\/yellowinmo.dev.theroomsocial.com\/fr\/wp-json\/wp\/v2\/media?parent=406274"}],"curies":[{"name":"wp","href":"https:\/\/api.w.org\/{rel}","templated":true}]}}

<p><p>La villa à vendre à Chiclana de la Frontera est située dans le quartier Las Vequetas de Chiclana de la Frontera et a une superficie de 143 m², un débarras de 66 m² et un parking couvert d&rsquo;environ 57 m2 et 4700 m². de terre. Cette propriété offre suffisamment d&rsquo;espace et de commodités pour profiter d&rsquo;une vie calme et confortable. Avec son agrandissement généreux.</p>
<p>Distance à la plage 2,5 km</p></p>
