{"id":38934,"date":"2024-04-29T10:33:11","date_gmt":"2020-12-17T13:10:00","guid":{"rendered":"http:\/\/yellowinmo.dev.theroomsocial.com\/property\/2306-2\/"},"modified":"2024-05-01T05:38:51","modified_gmt":"2024-05-01T05:38:51","slug":"2306","status":"publish","type":"wdd-property","link":"http:\/\/yellowinmo.dev.theroomsocial.com\/fr\/property\/2306\/","title":{"rendered":"Villa Rosa"},"content":{"rendered":"<p><p>Villa \u00e0 Chiclana de la Fra., Costa de la Luz. pour la location d&rsquo;\u00e9t\u00e9 est situ\u00e9 dans le quartier r\u00e9sidentiel appel\u00e9 Pago del Humo. A environ 8 km de la plage et 2 km du centre ville.Une villa tr\u00e8s bien \u00e9quip\u00e9e, tr\u00e8s bien entretenue, a une superficie de 80 m2, r\u00e9partie en 2 chambres, 1 salle de bain, cuisine \u00e9quip\u00e9e avec acc\u00e8s au jardin, et un grand salon avec chemin\u00e9e. Il dispose de la climatisation dans le salon. Le terrain a 640 m2 avec des arbres fruitiers et une piscine priv\u00e9e de 10 x 5m. une propri\u00e9t\u00e9 de vacances id\u00e9ale pour passer vos vacances. avec Wi-Fi<\/p><\/p>\n","protected":false},"author":1,"featured_media":310434,"template":"","class_list":["post-38934","wdd-property","type-wdd-property","status-publish","has-post-thumbnail","hentry","wdd-location-pago-del-humo","wdd-operation-de-location","wdd-property-type-villa"],"_links":{"self":[{"href":"http:\/\/yellowinmo.dev.theroomsocial.com\/fr\/wp-json\/wp\/v2\/wdd-property\/38934","targetHints":{"allow":["GET"]}}],"collection":[{"href":"http:\/\/yellowinmo.dev.theroomsocial.com\/fr\/wp-json\/wp\/v2\/wdd-property"}],"about":[{"href":"http:\/\/yellowinmo.dev.theroomsocial.com\/fr\/wp-json\/wp\/v2\/types\/wdd-property"}],"author":[{"embeddable":true,"href":"http:\/\/yellowinmo.dev.theroomsocial.com\/fr\/wp-json\/wp\/v2\/users\/1"}],"version-history":[{"count":5,"href":"http:\/\/yellowinmo.dev.theroomsocial.com\/fr\/wp-json\/wp\/v2\/wdd-property\/38934\/revisions"}],"predecessor-version":[{"id":440352,"href":"http:\/\/yellowinmo.dev.theroomsocial.com\/fr\/wp-json\/wp\/v2\/wdd-property\/38934\/revisions\/440352"}],"wp:featuredmedia":[{"embeddable":true,"href":"http:\/\/yellowinmo.dev.theroomsocial.com\/fr\/wp-json\/wp\/v2\/media\/310434"}],"wp:attachment":[{"href":"http:\/\/yellowinmo.dev.theroomsocial.com\/fr\/wp-json\/wp\/v2\/media?parent=38934"}],"curies":[{"name":"wp","href":"https:\/\/api.w.org\/{rel}","templated":true}]}}

<p><p>Villa à Chiclana de la Fra., Costa de la Luz. pour la location d&rsquo;été est situé dans le quartier résidentiel appelé Pago del Humo. A environ 8 km de la plage et 2 km du centre ville.Une villa très bien équipée, très bien entretenue, a une superficie de 80 m2, répartie en 2 chambres, 1 salle de bain, cuisine équipée avec accès au jardin, et un grand salon avec cheminée. Il dispose de la climatisation dans le salon. Le terrain a 640 m2 avec des arbres fruitiers et une piscine privée de 10 x 5m. une propriété de vacances idéale pour passer vos vacances. avec Wi-Fi</p></p>
