{"id":374334,"date":"2023-10-27T12:12:58","date_gmt":"2023-05-09T17:39:08","guid":{"rendered":"http:\/\/yellowinmo.dev.theroomsocial.com\/property\/2441\/"},"modified":"2023-10-29T05:35:40","modified_gmt":"2023-10-29T05:35:40","slug":"2441","status":"publish","type":"wdd-property","link":"http:\/\/yellowinmo.dev.theroomsocial.com\/fr\/property\/2441\/","title":{"rendered":"Villa deux amis"},"content":{"rendered":"<p><p>Villa spectaculaire \u00e0 vendre avec des qualit\u00e9s de premi\u00e8re classe \u00e0 Chiclana de la Frontera, dans la zone appel\u00e9e carboneros \u00e0 seulement 5 km de la plage de La Barrosa.<\/p>\n<p>La villa a 131m2 et est distribu\u00e9e en interne en 3 chambres, la chambre principale a un dressing et une salle de bain attenante, une autre salle de bain et une salle de bain situ\u00e9e dans une annexe, toutes les chambres ont des placards int\u00e9gr\u00e9s.<\/p>\n<p>Le terrain est de 522 m2, le tout tr\u00e8s bien entretenu il dispose \u00e9galement d&rsquo;un espace barbecue couvert et de bon go\u00fbt, et de deux terrasses ensoleill\u00e9es couvertes<\/p>\n<p>la villa est urbaine avec eau de ville et \u00e9clairage public<\/p>\n<p>M\u00e1s informaci\u00f3n sobre este texto de origenPara obtener m\u00e1s informaci\u00f3n sobre la traducci\u00f3n, se necesita el texto de origen<\/p>\n<p>Enviar comentarios<\/p>\n<p>Paneles laterales<\/p><\/p>\n","protected":false},"author":1,"featured_media":402189,"template":"","class_list":["post-374334","wdd-property","type-wdd-property","status-publish","has-post-thumbnail","hentry","wdd-location-carboneros","wdd-operation-de-location","wdd-property-type-villa"],"_links":{"self":[{"href":"http:\/\/yellowinmo.dev.theroomsocial.com\/fr\/wp-json\/wp\/v2\/wdd-property\/374334","targetHints":{"allow":["GET"]}}],"collection":[{"href":"http:\/\/yellowinmo.dev.theroomsocial.com\/fr\/wp-json\/wp\/v2\/wdd-property"}],"about":[{"href":"http:\/\/yellowinmo.dev.theroomsocial.com\/fr\/wp-json\/wp\/v2\/types\/wdd-property"}],"author":[{"embeddable":true,"href":"http:\/\/yellowinmo.dev.theroomsocial.com\/fr\/wp-json\/wp\/v2\/users\/1"}],"version-history":[{"count":3,"href":"http:\/\/yellowinmo.dev.theroomsocial.com\/fr\/wp-json\/wp\/v2\/wdd-property\/374334\/revisions"}],"predecessor-version":[{"id":401173,"href":"http:\/\/yellowinmo.dev.theroomsocial.com\/fr\/wp-json\/wp\/v2\/wdd-property\/374334\/revisions\/401173"}],"wp:featuredmedia":[{"embeddable":true,"href":"http:\/\/yellowinmo.dev.theroomsocial.com\/fr\/wp-json\/wp\/v2\/media\/402189"}],"wp:attachment":[{"href":"http:\/\/yellowinmo.dev.theroomsocial.com\/fr\/wp-json\/wp\/v2\/media?parent=374334"}],"curies":[{"name":"wp","href":"https:\/\/api.w.org\/{rel}","templated":true}]}}

<p><p>Villa spectaculaire à vendre avec des qualités de première classe à Chiclana de la Frontera, dans la zone appelée carboneros à seulement 5 km de la plage de La Barrosa.</p>
<p>La villa a 131m2 et est distribuée en interne en 3 chambres, la chambre principale a un dressing et une salle de bain attenante, une autre salle de bain et une salle de bain située dans une annexe, toutes les chambres ont des placards intégrés.</p>
<p>Le terrain est de 522 m2, le tout très bien entretenu il dispose également d&rsquo;un espace barbecue couvert et de bon goût, et de deux terrasses ensoleillées couvertes</p>
<p>la villa est urbaine avec eau de ville et éclairage public</p>
<p>Más información sobre este texto de origenPara obtener más información sobre la traducción, se necesita el texto de origen</p>
<p>Enviar comentarios</p>
<p>Paneles laterales</p></p>
