{"id":370390,"date":"2023-04-17T17:48:33","date_gmt":"2023-04-17T17:48:33","guid":{"rendered":"http:\/\/yellowinmo.dev.theroomsocial.com\/property\/2538\/"},"modified":"2023-04-19T05:35:53","modified_gmt":"2023-04-19T05:35:53","slug":"2538","status":"publish","type":"wdd-property","link":"http:\/\/yellowinmo.dev.theroomsocial.com\/fr\/property\/2538\/","title":{"rendered":"Villa Florencia"},"content":{"rendered":"<p><p>Florencia Villa \u00e0 vendre \u00e0 Chiclana de la Frontera situ\u00e9e dans le quartier bien connu de Pago del Humo avec un bon emplacement dans la r\u00e9gion, \u00e0 proximit\u00e9 d&rsquo;un restaurant typique de la r\u00e9gion, pharmacie, petit supermarch\u00e9 et \u00e0 2 km du centre de Chiclana.<\/p>\n<p>Le chalet a \u00e9t\u00e9 r\u00e9cemment r\u00e9nov\u00e9 \u00e0 l&rsquo;int\u00e9rieur, il dispose de 3 chambres, 2 salles de bains, salon avec chemin\u00e9e, cuisine \u00e9quip\u00e9e de style rustique et porche.<\/p>\n<p>Le terrain est de 1000m2 avec une division horizontale enregistr\u00e9e, avec une piscine priv\u00e9e de 8 x 4 m et une aire de stationnement.<\/p><\/p>\n","protected":false},"author":1,"featured_media":0,"template":"","class_list":["post-370390","wdd-property","type-wdd-property","status-publish","hentry","wdd-location-pago-del-humo","wdd-operation-vente","wdd-property-type-villa"],"_links":{"self":[{"href":"http:\/\/yellowinmo.dev.theroomsocial.com\/fr\/wp-json\/wp\/v2\/wdd-property\/370390","targetHints":{"allow":["GET"]}}],"collection":[{"href":"http:\/\/yellowinmo.dev.theroomsocial.com\/fr\/wp-json\/wp\/v2\/wdd-property"}],"about":[{"href":"http:\/\/yellowinmo.dev.theroomsocial.com\/fr\/wp-json\/wp\/v2\/types\/wdd-property"}],"author":[{"embeddable":true,"href":"http:\/\/yellowinmo.dev.theroomsocial.com\/fr\/wp-json\/wp\/v2\/users\/1"}],"version-history":[{"count":1,"href":"http:\/\/yellowinmo.dev.theroomsocial.com\/fr\/wp-json\/wp\/v2\/wdd-property\/370390\/revisions"}],"predecessor-version":[{"id":370614,"href":"http:\/\/yellowinmo.dev.theroomsocial.com\/fr\/wp-json\/wp\/v2\/wdd-property\/370390\/revisions\/370614"}],"wp:attachment":[{"href":"http:\/\/yellowinmo.dev.theroomsocial.com\/fr\/wp-json\/wp\/v2\/media?parent=370390"}],"curies":[{"name":"wp","href":"https:\/\/api.w.org\/{rel}","templated":true}]}}

<p><p>Florencia Villa à vendre à Chiclana de la Frontera située dans le quartier bien connu de Pago del Humo avec un bon emplacement dans la région, à proximité d&rsquo;un restaurant typique de la région, pharmacie, petit supermarché et à 2 km du centre de Chiclana.</p>
<p>Le chalet a été récemment rénové à l&rsquo;intérieur, il dispose de 3 chambres, 2 salles de bains, salon avec cheminée, cuisine équipée de style rustique et porche.</p>
<p>Le terrain est de 1000m2 avec une division horizontale enregistrée, avec une piscine privée de 8 x 4 m et une aire de stationnement.</p></p>
