{"id":370234,"date":"2023-05-11T11:57:11","date_gmt":"2023-04-17T15:31:26","guid":{"rendered":"http:\/\/yellowinmo.dev.theroomsocial.com\/property\/2449\/"},"modified":"2023-07-06T13:05:48","modified_gmt":"2023-07-06T13:05:48","slug":"2449","status":"publish","type":"wdd-property","link":"http:\/\/yellowinmo.dev.theroomsocial.com\/fr\/property\/2449\/","title":{"rendered":"Villa Chele"},"content":{"rendered":"<p><p>Magnifique Villa en location de vacances  VFT\/CA\/17463 situ\u00e9e \u00e0 Chiclana de la Frontera, dans la zone connue sous le nom de Pago Melilla (Novo Melilla) a un tr\u00e8s bon emplacement \u00e0 seulement 1 km de la zone Novo Sancti Petri et \u00e0 1,5 km des plages dans un environnement calme parfait pour passer vos vacances en famille ou entre amis, il vous propose parking couvert, aire de pique-nique, piscine priv\u00e9e<\/p>\n<p>La maison offre 3 chambres doubles + une petite chambre pour une personne avec une capacit\u00e9 de 8 personnes, 2 salles de bain, un salon avec table \u00e0 manger, une cuisine avec chemin\u00e9e et un porche. Un endroit parfait.<\/p><\/p>\n","protected":false},"author":1,"featured_media":392487,"template":"","class_list":["post-370234","wdd-property","type-wdd-property","status-publish","has-post-thumbnail","hentry","wdd-location-pago-melilla","wdd-operation-de-location","wdd-property-type-villa","wdd-property-label-destacado"],"_links":{"self":[{"href":"http:\/\/yellowinmo.dev.theroomsocial.com\/fr\/wp-json\/wp\/v2\/wdd-property\/370234","targetHints":{"allow":["GET"]}}],"collection":[{"href":"http:\/\/yellowinmo.dev.theroomsocial.com\/fr\/wp-json\/wp\/v2\/wdd-property"}],"about":[{"href":"http:\/\/yellowinmo.dev.theroomsocial.com\/fr\/wp-json\/wp\/v2\/types\/wdd-property"}],"author":[{"embeddable":true,"href":"http:\/\/yellowinmo.dev.theroomsocial.com\/fr\/wp-json\/wp\/v2\/users\/1"}],"version-history":[{"count":3,"href":"http:\/\/yellowinmo.dev.theroomsocial.com\/fr\/wp-json\/wp\/v2\/wdd-property\/370234\/revisions"}],"predecessor-version":[{"id":392611,"href":"http:\/\/yellowinmo.dev.theroomsocial.com\/fr\/wp-json\/wp\/v2\/wdd-property\/370234\/revisions\/392611"}],"wp:featuredmedia":[{"embeddable":true,"href":"http:\/\/yellowinmo.dev.theroomsocial.com\/fr\/wp-json\/wp\/v2\/media\/392487"}],"wp:attachment":[{"href":"http:\/\/yellowinmo.dev.theroomsocial.com\/fr\/wp-json\/wp\/v2\/media?parent=370234"}],"curies":[{"name":"wp","href":"https:\/\/api.w.org\/{rel}","templated":true}]}}

<p><p>Magnifique Villa en location de vacances  VFT/CA/17463 située à Chiclana de la Frontera, dans la zone connue sous le nom de Pago Melilla (Novo Melilla) a un très bon emplacement à seulement 1 km de la zone Novo Sancti Petri et à 1,5 km des plages dans un environnement calme parfait pour passer vos vacances en famille ou entre amis, il vous propose parking couvert, aire de pique-nique, piscine privée</p>
<p>La maison offre 3 chambres doubles + une petite chambre pour une personne avec une capacité de 8 personnes, 2 salles de bain, un salon avec table à manger, une cuisine avec cheminée et un porche. Un endroit parfait.</p></p>
