{"id":367887,"date":"2024-05-07T10:48:46","date_gmt":"2023-03-27T13:43:58","guid":{"rendered":"http:\/\/yellowinmo.dev.theroomsocial.com\/property\/2535\/"},"modified":"2024-05-09T05:37:37","modified_gmt":"2024-05-09T05:37:37","slug":"2535","status":"publish","type":"wdd-property","link":"http:\/\/yellowinmo.dev.theroomsocial.com\/fr\/property\/2535\/","title":{"rendered":"Piso Hero"},"content":{"rendered":"<p><p>Cet appartement a l\u2019air vraiment incroyable ! Avec vue sur la mer et les montagnes, situ\u00e9 dans la ville de Manilva et dans un quartier r\u00e9sidentiel priv\u00e9, cela semble \u00eatre l&rsquo;endroit id\u00e9al pour vivre. De plus, le fait qu&rsquo;il se trouve au troisi\u00e8me \u00e9tage du complexe priv\u00e9 Vi\u00f1amar et dispose de 77 m2 r\u00e9partis en 2 chambres, 1 salle de bain, salon et cuisine s\u00e9par\u00e9e \u00e9quip\u00e9e, en fait un espace confortable et accueillant.<\/p>\n<\/p>\n<p>De plus, la disponibilit\u00e9 d&rsquo;un parking souterrain dans le complexe priv\u00e9 constitue un grand avantage. Il n\u2019y a rien de mieux que d\u2019avoir un endroit s\u00fbr et s\u00e9curis\u00e9 pour garer votre v\u00e9hicule.<\/p>\n<\/p>\n<p>Vivre pr\u00e8s de la c\u00f4te est \u00e9galement un grand avantage, car vous pourrez profiter des plages et du beau temps toute l&rsquo;ann\u00e9e. La ville de Manilva est un endroit charmant avec une grande vari\u00e9t\u00e9 d&rsquo;activit\u00e9s et de services \u00e0 proximit\u00e9.<\/p>\n<\/p>\n<p>Si vous avez besoin de plus d&rsquo;informations ou si vous avez des questions sp\u00e9cifiques sur ce magnifique appartement, je me ferai un plaisir de vous aider de toutes les mani\u00e8res possibles.<\/p><\/p>\n","protected":false},"author":1,"featured_media":368123,"template":"","class_list":["post-367887","wdd-property","type-wdd-property","status-publish","has-post-thumbnail","hentry","wdd-location-jardines-del-mar","wdd-operation-vente","wdd-property-type-piso"],"_links":{"self":[{"href":"http:\/\/yellowinmo.dev.theroomsocial.com\/fr\/wp-json\/wp\/v2\/wdd-property\/367887","targetHints":{"allow":["GET"]}}],"collection":[{"href":"http:\/\/yellowinmo.dev.theroomsocial.com\/fr\/wp-json\/wp\/v2\/wdd-property"}],"about":[{"href":"http:\/\/yellowinmo.dev.theroomsocial.com\/fr\/wp-json\/wp\/v2\/types\/wdd-property"}],"author":[{"embeddable":true,"href":"http:\/\/yellowinmo.dev.theroomsocial.com\/fr\/wp-json\/wp\/v2\/users\/1"}],"version-history":[{"count":2,"href":"http:\/\/yellowinmo.dev.theroomsocial.com\/fr\/wp-json\/wp\/v2\/wdd-property\/367887\/revisions"}],"predecessor-version":[{"id":407823,"href":"http:\/\/yellowinmo.dev.theroomsocial.com\/fr\/wp-json\/wp\/v2\/wdd-property\/367887\/revisions\/407823"}],"wp:featuredmedia":[{"embeddable":true,"href":"http:\/\/yellowinmo.dev.theroomsocial.com\/fr\/wp-json\/wp\/v2\/media\/368123"}],"wp:attachment":[{"href":"http:\/\/yellowinmo.dev.theroomsocial.com\/fr\/wp-json\/wp\/v2\/media?parent=367887"}],"curies":[{"name":"wp","href":"https:\/\/api.w.org\/{rel}","templated":true}]}}

<p><p>Cet appartement a l’air vraiment incroyable ! Avec vue sur la mer et les montagnes, situé dans la ville de Manilva et dans un quartier résidentiel privé, cela semble être l&rsquo;endroit idéal pour vivre. De plus, le fait qu&rsquo;il se trouve au troisième étage du complexe privé Viñamar et dispose de 77 m2 répartis en 2 chambres, 1 salle de bain, salon et cuisine séparée équipée, en fait un espace confortable et accueillant.</p>
</p>
<p>De plus, la disponibilité d&rsquo;un parking souterrain dans le complexe privé constitue un grand avantage. Il n’y a rien de mieux que d’avoir un endroit sûr et sécurisé pour garer votre véhicule.</p>
</p>
<p>Vivre près de la côte est également un grand avantage, car vous pourrez profiter des plages et du beau temps toute l&rsquo;année. La ville de Manilva est un endroit charmant avec une grande variété d&rsquo;activités et de services à proximité.</p>
</p>
<p>Si vous avez besoin de plus d&rsquo;informations ou si vous avez des questions spécifiques sur ce magnifique appartement, je me ferai un plaisir de vous aider de toutes les manières possibles.</p></p>
