{"id":357860,"date":"2024-02-07T12:05:37","date_gmt":"2023-02-20T12:38:29","guid":{"rendered":"http:\/\/yellowinmo.dev.theroomsocial.com\/property\/2523\/"},"modified":"2024-04-29T09:21:35","modified_gmt":"2024-04-29T09:21:35","slug":"2523","status":"publish","type":"wdd-property","link":"http:\/\/yellowinmo.dev.theroomsocial.com\/fr\/property\/2523\/","title":{"rendered":"Villa dos Torres"},"content":{"rendered":"<p><p>Grande villa de vacances \u00e0 Chiclana de la Frontera, Costa de la Luz, dans le quartier r\u00e9sidentiel de Hozanejos, avec eau courante, un endroit calme et parfait pour passer vos vacances sur la Costa de la Luz. Il a un terrain bien entretenu de 2000 m2 avec une piscine priv\u00e9e et un beau jardin. La villa a une superficie construite de 237m2 r\u00e9partis sur deux \u00e9tages, au rez-de-chauss\u00e9e elle dispose d&rsquo;une cuisine \u00e9quip\u00e9e et sortie sur le jardin, salon avec chemin\u00e9e, climatisation, 1 chambre double, 1 salle de bain, au deuxi\u00e8me \u00e9tage il a une chambre avec salle de bain en suite et 2 chambres doubles et une salle de bain compl\u00e8te, a \u00e9galement le chauffage pour les mois d&rsquo;hiver, deux v\u00e9randas couvertes,. La distance de la plage est de 6 km.<\/p>\n<p>Prix \u200b\u200bsemaine en juin 1700.-\u20ac, juillet 2150.-\u20ac en ao\u00fbt 2250.-\u20ac septembre 1700.-\u20ac autres mois sur demande<\/p><\/p>\n","protected":false},"author":1,"featured_media":366161,"template":"","class_list":["post-357860","wdd-property","type-wdd-property","status-publish","has-post-thumbnail","hentry","wdd-location-hozanejo","wdd-operation-de-location","wdd-property-type-villa"],"_links":{"self":[{"href":"http:\/\/yellowinmo.dev.theroomsocial.com\/fr\/wp-json\/wp\/v2\/wdd-property\/357860","targetHints":{"allow":["GET"]}}],"collection":[{"href":"http:\/\/yellowinmo.dev.theroomsocial.com\/fr\/wp-json\/wp\/v2\/wdd-property"}],"about":[{"href":"http:\/\/yellowinmo.dev.theroomsocial.com\/fr\/wp-json\/wp\/v2\/types\/wdd-property"}],"author":[{"embeddable":true,"href":"http:\/\/yellowinmo.dev.theroomsocial.com\/fr\/wp-json\/wp\/v2\/users\/1"}],"version-history":[{"count":2,"href":"http:\/\/yellowinmo.dev.theroomsocial.com\/fr\/wp-json\/wp\/v2\/wdd-property\/357860\/revisions"}],"predecessor-version":[{"id":429750,"href":"http:\/\/yellowinmo.dev.theroomsocial.com\/fr\/wp-json\/wp\/v2\/wdd-property\/357860\/revisions\/429750"}],"wp:featuredmedia":[{"embeddable":true,"href":"http:\/\/yellowinmo.dev.theroomsocial.com\/fr\/wp-json\/wp\/v2\/media\/366161"}],"wp:attachment":[{"href":"http:\/\/yellowinmo.dev.theroomsocial.com\/fr\/wp-json\/wp\/v2\/media?parent=357860"}],"curies":[{"name":"wp","href":"https:\/\/api.w.org\/{rel}","templated":true}]}}

<p><p>Grande villa de vacances à Chiclana de la Frontera, Costa de la Luz, dans le quartier résidentiel de Hozanejos, avec eau courante, un endroit calme et parfait pour passer vos vacances sur la Costa de la Luz. Il a un terrain bien entretenu de 2000 m2 avec une piscine privée et un beau jardin. La villa a une superficie construite de 237m2 répartis sur deux étages, au rez-de-chaussée elle dispose d&rsquo;une cuisine équipée et sortie sur le jardin, salon avec cheminée, climatisation, 1 chambre double, 1 salle de bain, au deuxième étage il a une chambre avec salle de bain en suite et 2 chambres doubles et une salle de bain complète, a également le chauffage pour les mois d&rsquo;hiver, deux vérandas couvertes,. La distance de la plage est de 6 km.</p>
<p>Prix ​​semaine en juin 1700.-€, juillet 2150.-€ en août 2250.-€ septembre 1700.-€ autres mois sur demande</p></p>
