{"id":349920,"date":"2023-03-09T13:49:24","date_gmt":"2023-01-13T11:48:19","guid":{"rendered":"http:\/\/yellowinmo.dev.theroomsocial.com\/property\/2436\/"},"modified":"2023-03-11T05:37:14","modified_gmt":"2023-03-11T05:37:14","slug":"2436","status":"publish","type":"wdd-property","link":"http:\/\/yellowinmo.dev.theroomsocial.com\/fr\/property\/2436\/","title":{"rendered":"Villa Maravilla"},"content":{"rendered":"<p><p>La villa Maravilla \u00e0 louer pour la saison scolaire jusqu&rsquo;au 30 juin se trouve dans le quartier d&rsquo;El Sotillo \u00e0 Chiclana de la Frontera, \u00e0 seulement 2 kilom\u00e8tres de la plage de La Barrosa. Le chalet est id\u00e9al pour la location de vacances. La maison est r\u00e9partie en 3 chambres, 2 salles de bain compl\u00e8tes et une cuisine-salon. De plus, il y a une piscine priv\u00e9e et un espace pour se d\u00e9tendre dans un environnement tr\u00e8s calme. Les tarifs \u00e0 la semaine sont de : 1.725\u20ac en junio, 2.300\u20ac en julio, 2.300\u20ac en agosto y 2.070\u20ac en septiembre.<\/p><\/p>\n","protected":false},"author":1,"featured_media":0,"template":"","class_list":["post-349920","wdd-property","type-wdd-property","status-publish","hentry","wdd-location-el-sotillo","wdd-operation-de-location","wdd-property-type-villa"],"_links":{"self":[{"href":"http:\/\/yellowinmo.dev.theroomsocial.com\/fr\/wp-json\/wp\/v2\/wdd-property\/349920","targetHints":{"allow":["GET"]}}],"collection":[{"href":"http:\/\/yellowinmo.dev.theroomsocial.com\/fr\/wp-json\/wp\/v2\/wdd-property"}],"about":[{"href":"http:\/\/yellowinmo.dev.theroomsocial.com\/fr\/wp-json\/wp\/v2\/types\/wdd-property"}],"author":[{"embeddable":true,"href":"http:\/\/yellowinmo.dev.theroomsocial.com\/fr\/wp-json\/wp\/v2\/users\/1"}],"version-history":[{"count":2,"href":"http:\/\/yellowinmo.dev.theroomsocial.com\/fr\/wp-json\/wp\/v2\/wdd-property\/349920\/revisions"}],"predecessor-version":[{"id":357828,"href":"http:\/\/yellowinmo.dev.theroomsocial.com\/fr\/wp-json\/wp\/v2\/wdd-property\/349920\/revisions\/357828"}],"wp:attachment":[{"href":"http:\/\/yellowinmo.dev.theroomsocial.com\/fr\/wp-json\/wp\/v2\/media?parent=349920"}],"curies":[{"name":"wp","href":"https:\/\/api.w.org\/{rel}","templated":true}]}}

<p><p>La villa Maravilla à louer pour la saison scolaire jusqu&rsquo;au 30 juin se trouve dans le quartier d&rsquo;El Sotillo à Chiclana de la Frontera, à seulement 2 kilomètres de la plage de La Barrosa. Le chalet est idéal pour la location de vacances. La maison est répartie en 3 chambres, 2 salles de bain complètes et une cuisine-salon. De plus, il y a une piscine privée et un espace pour se détendre dans un environnement très calme. Les tarifs à la semaine sont de : 1.725€ en junio, 2.300€ en julio, 2.300€ en agosto y 2.070€ en septiembre.</p></p>
