{"id":346828,"date":"2022-11-29T13:20:51","date_gmt":"2022-11-29T13:20:51","guid":{"rendered":"http:\/\/yellowinmo.dev.theroomsocial.com\/property\/2510\/"},"modified":"2024-04-29T09:11:55","modified_gmt":"2024-04-29T09:11:55","slug":"2510","status":"publish","type":"wdd-property","link":"http:\/\/yellowinmo.dev.theroomsocial.com\/fr\/property\/2510\/","title":{"rendered":"Villa Adelfa"},"content":{"rendered":"<p><p>Grande Villa \u00e0 vendre \u00e0 Chiclana de la Frontera dans la zone connue sous le nom de Pago del Humo, avec un bon emplacement avec des rues pav\u00e9es \u00e0 seulement 5 min \u00e0 pied du supermarch\u00e9 et du restaurant, de la pharmacie, de l&rsquo;arr\u00eat de bus.La villa a 110m2 et un terrain de 500m2 en horizontal division, il dispose de 3 chambres, 2 salles de bains, salon avec chemin\u00e9e et climatisation, cuisine \u00e9quip\u00e9e et meubl\u00e9e, porche couvert.Le terrain est de 500m2 avec un jardin, une aire de pique-nique et un parking pour 2 voitures.<\/p><\/p>\n","protected":false},"author":1,"featured_media":347371,"template":"","class_list":["post-346828","wdd-property","type-wdd-property","status-publish","has-post-thumbnail","hentry","wdd-location-pago-del-humo","wdd-operation-vente","wdd-property-type-villa"],"_links":{"self":[{"href":"http:\/\/yellowinmo.dev.theroomsocial.com\/fr\/wp-json\/wp\/v2\/wdd-property\/346828","targetHints":{"allow":["GET"]}}],"collection":[{"href":"http:\/\/yellowinmo.dev.theroomsocial.com\/fr\/wp-json\/wp\/v2\/wdd-property"}],"about":[{"href":"http:\/\/yellowinmo.dev.theroomsocial.com\/fr\/wp-json\/wp\/v2\/types\/wdd-property"}],"author":[{"embeddable":true,"href":"http:\/\/yellowinmo.dev.theroomsocial.com\/fr\/wp-json\/wp\/v2\/users\/1"}],"version-history":[{"count":2,"href":"http:\/\/yellowinmo.dev.theroomsocial.com\/fr\/wp-json\/wp\/v2\/wdd-property\/346828\/revisions"}],"predecessor-version":[{"id":439136,"href":"http:\/\/yellowinmo.dev.theroomsocial.com\/fr\/wp-json\/wp\/v2\/wdd-property\/346828\/revisions\/439136"}],"wp:featuredmedia":[{"embeddable":true,"href":"http:\/\/yellowinmo.dev.theroomsocial.com\/fr\/wp-json\/wp\/v2\/media\/347371"}],"wp:attachment":[{"href":"http:\/\/yellowinmo.dev.theroomsocial.com\/fr\/wp-json\/wp\/v2\/media?parent=346828"}],"curies":[{"name":"wp","href":"https:\/\/api.w.org\/{rel}","templated":true}]}}

<p><p>Grande Villa à vendre à Chiclana de la Frontera dans la zone connue sous le nom de Pago del Humo, avec un bon emplacement avec des rues pavées à seulement 5 min à pied du supermarché et du restaurant, de la pharmacie, de l&rsquo;arrêt de bus.La villa a 110m2 et un terrain de 500m2 en horizontal division, il dispose de 3 chambres, 2 salles de bains, salon avec cheminée et climatisation, cuisine équipée et meublée, porche couvert.Le terrain est de 500m2 avec un jardin, une aire de pique-nique et un parking pour 2 voitures.</p></p>
