{"id":327896,"date":"2023-11-20T11:41:50","date_gmt":"2022-09-16T13:57:39","guid":{"rendered":"http:\/\/yellowinmo.dev.theroomsocial.com\/property\/2492\/"},"modified":"2023-11-22T05:38:52","modified_gmt":"2023-11-22T05:38:52","slug":"2492","status":"publish","type":"wdd-property","link":"http:\/\/yellowinmo.dev.theroomsocial.com\/fr\/property\/2492\/","title":{"rendered":"Villa Olivo"},"content":{"rendered":"<p><p>Grande villa \u00e0 vendre situ\u00e9e \u00e0 chiclana de la frontera dans la zone appel\u00e9e Pago del humo avec un bon emplacement dans la rue pav\u00e9e. La villa dispose de 3 chambres, 2 salles de bain, une cuisine \u00e9quip\u00e9e, un salon avec chemin\u00e9e et un porche vitr\u00e9, en plus d&rsquo;une terrasse(patio), un garage ferm\u00e9, 2 piscines priv\u00e9es, une pour adultes et une pour petits enfants.<\/p>\n<p>Il a un terrain clos de 1900 m2 et dispose \u00e9galement de 2 divisions horizontales chacune de 100 m2 de construction inscrite au registre foncier.<\/p>\n<p>consulter aujourd&rsquo;hui<\/p><\/p>\n","protected":false},"author":1,"featured_media":346094,"template":"","class_list":["post-327896","wdd-property","type-wdd-property","status-publish","has-post-thumbnail","hentry","wdd-location-pago-del-humo","wdd-operation-vente","wdd-property-type-villa"],"_links":{"self":[{"href":"http:\/\/yellowinmo.dev.theroomsocial.com\/fr\/wp-json\/wp\/v2\/wdd-property\/327896","targetHints":{"allow":["GET"]}}],"collection":[{"href":"http:\/\/yellowinmo.dev.theroomsocial.com\/fr\/wp-json\/wp\/v2\/wdd-property"}],"about":[{"href":"http:\/\/yellowinmo.dev.theroomsocial.com\/fr\/wp-json\/wp\/v2\/types\/wdd-property"}],"author":[{"embeddable":true,"href":"http:\/\/yellowinmo.dev.theroomsocial.com\/fr\/wp-json\/wp\/v2\/users\/1"}],"version-history":[{"count":2,"href":"http:\/\/yellowinmo.dev.theroomsocial.com\/fr\/wp-json\/wp\/v2\/wdd-property\/327896\/revisions"}],"predecessor-version":[{"id":419467,"href":"http:\/\/yellowinmo.dev.theroomsocial.com\/fr\/wp-json\/wp\/v2\/wdd-property\/327896\/revisions\/419467"}],"wp:featuredmedia":[{"embeddable":true,"href":"http:\/\/yellowinmo.dev.theroomsocial.com\/fr\/wp-json\/wp\/v2\/media\/346094"}],"wp:attachment":[{"href":"http:\/\/yellowinmo.dev.theroomsocial.com\/fr\/wp-json\/wp\/v2\/media?parent=327896"}],"curies":[{"name":"wp","href":"https:\/\/api.w.org\/{rel}","templated":true}]}}

<p><p>Grande villa à vendre située à chiclana de la frontera dans la zone appelée Pago del humo avec un bon emplacement dans la rue pavée. La villa dispose de 3 chambres, 2 salles de bain, une cuisine équipée, un salon avec cheminée et un porche vitré, en plus d&rsquo;une terrasse(patio), un garage fermé, 2 piscines privées, une pour adultes et une pour petits enfants.</p>
<p>Il a un terrain clos de 1900 m2 et dispose également de 2 divisions horizontales chacune de 100 m2 de construction inscrite au registre foncier.</p>
<p>consulter aujourd&rsquo;hui</p></p>
