{"id":325424,"date":"2022-09-07T17:59:45","date_gmt":"2022-09-07T17:59:45","guid":{"rendered":"http:\/\/yellowinmo.dev.theroomsocial.com\/property\/2477\/"},"modified":"2022-09-09T05:35:16","modified_gmt":"2022-09-09T05:35:16","slug":"2477","status":"publish","type":"wdd-property","link":"http:\/\/yellowinmo.dev.theroomsocial.com\/fr\/property\/2477\/","title":{"rendered":"Finca Caballo Medinaceli"},"content":{"rendered":"<p><p>Belle Villa \u00e0 Chiclana de la Frontera, \u00e0 10 minutes en voiture de la plage de La Barrosa. Il a environ 9000m2 de terrain et la maison environ 300m2. Elle comprend 4 chambres, 2 salles de bains, 3 salons\/s\u00e9jours, 1 petit dressing et une cave au sous-sol. Il y a une petite maison \u00e0 c\u00f4t\u00e9 avec 2 chambres et 1 salle de bain. Il dispose d&rsquo;une piscine priv\u00e9e avec des panneaux solaires pour chauffer l&rsquo;eau. Il a \u00e9galement plusieurs \u00e9curies attenantes \u00e0 louer qui laissent actuellement environ 600 \u20ac par mois pour les propri\u00e9taires.<\/p><\/p>\n","protected":false},"author":1,"featured_media":0,"template":"","class_list":["post-325424","wdd-property","type-wdd-property","status-publish","hentry","wdd-location-el-palillejo","wdd-operation-vente","wdd-property-type-villa"],"_links":{"self":[{"href":"http:\/\/yellowinmo.dev.theroomsocial.com\/fr\/wp-json\/wp\/v2\/wdd-property\/325424","targetHints":{"allow":["GET"]}}],"collection":[{"href":"http:\/\/yellowinmo.dev.theroomsocial.com\/fr\/wp-json\/wp\/v2\/wdd-property"}],"about":[{"href":"http:\/\/yellowinmo.dev.theroomsocial.com\/fr\/wp-json\/wp\/v2\/types\/wdd-property"}],"author":[{"embeddable":true,"href":"http:\/\/yellowinmo.dev.theroomsocial.com\/fr\/wp-json\/wp\/v2\/users\/1"}],"version-history":[{"count":1,"href":"http:\/\/yellowinmo.dev.theroomsocial.com\/fr\/wp-json\/wp\/v2\/wdd-property\/325424\/revisions"}],"predecessor-version":[{"id":325572,"href":"http:\/\/yellowinmo.dev.theroomsocial.com\/fr\/wp-json\/wp\/v2\/wdd-property\/325424\/revisions\/325572"}],"wp:attachment":[{"href":"http:\/\/yellowinmo.dev.theroomsocial.com\/fr\/wp-json\/wp\/v2\/media?parent=325424"}],"curies":[{"name":"wp","href":"https:\/\/api.w.org\/{rel}","templated":true}]}}

<p><p>Belle Villa à Chiclana de la Frontera, à 10 minutes en voiture de la plage de La Barrosa. Il a environ 9000m2 de terrain et la maison environ 300m2. Elle comprend 4 chambres, 2 salles de bains, 3 salons/séjours, 1 petit dressing et une cave au sous-sol. Il y a une petite maison à côté avec 2 chambres et 1 salle de bain. Il dispose d&rsquo;une piscine privée avec des panneaux solaires pour chauffer l&rsquo;eau. Il a également plusieurs écuries attenantes à louer qui laissent actuellement environ 600 € par mois pour les propriétaires.</p></p>
