{"id":321470,"date":"2022-08-26T12:29:57","date_gmt":"2022-08-26T12:29:57","guid":{"rendered":"http:\/\/yellowinmo.dev.theroomsocial.com\/property\/2488\/"},"modified":"2022-08-28T05:35:29","modified_gmt":"2022-08-28T05:35:29","slug":"2488","status":"publish","type":"wdd-property","link":"http:\/\/yellowinmo.dev.theroomsocial.com\/fr\/property\/2488\/","title":{"rendered":"Villa Minerva"},"content":{"rendered":"<p><p>Belle villa urbaine situ\u00e9e dans le quartier El Almedral \u00e0 Chiclana de la Frontera, \u00e0 seulement 5 km de la plage de La Barrosa et \u00e0 2 km du centre.<\/p>\n<\/p>\n<p>La maison est situ\u00e9e sur un terrain de 811m2. Le chalet est r\u00e9parti en 4 chambres, 2 salles de bain (une en suite), cuisine, salon, porche avant et lat\u00e9ral et sous-sol. Il y a un garage ferm\u00e9, un garage couvert, une piscine d&rsquo;eau sal\u00e9e, des toilettes ext\u00e9rieures, un barbecue et un jardin.<\/p>\n<\/p>\n<p>C&rsquo;est le chalet id\u00e9al pour vivre toute l&rsquo;ann\u00e9e pr\u00e8s de la mer et de tous les services n\u00e9cessaires.<\/p><\/p>\n","protected":false},"author":1,"featured_media":0,"template":"","class_list":["post-321470","wdd-property","type-wdd-property","status-publish","hentry","wdd-location-el-almedral","wdd-operation-vente","wdd-property-type-villa"],"_links":{"self":[{"href":"http:\/\/yellowinmo.dev.theroomsocial.com\/fr\/wp-json\/wp\/v2\/wdd-property\/321470","targetHints":{"allow":["GET"]}}],"collection":[{"href":"http:\/\/yellowinmo.dev.theroomsocial.com\/fr\/wp-json\/wp\/v2\/wdd-property"}],"about":[{"href":"http:\/\/yellowinmo.dev.theroomsocial.com\/fr\/wp-json\/wp\/v2\/types\/wdd-property"}],"author":[{"embeddable":true,"href":"http:\/\/yellowinmo.dev.theroomsocial.com\/fr\/wp-json\/wp\/v2\/users\/1"}],"version-history":[{"count":1,"href":"http:\/\/yellowinmo.dev.theroomsocial.com\/fr\/wp-json\/wp\/v2\/wdd-property\/321470\/revisions"}],"predecessor-version":[{"id":321762,"href":"http:\/\/yellowinmo.dev.theroomsocial.com\/fr\/wp-json\/wp\/v2\/wdd-property\/321470\/revisions\/321762"}],"wp:attachment":[{"href":"http:\/\/yellowinmo.dev.theroomsocial.com\/fr\/wp-json\/wp\/v2\/media?parent=321470"}],"curies":[{"name":"wp","href":"https:\/\/api.w.org\/{rel}","templated":true}]}}

<p><p>Belle villa urbaine située dans le quartier El Almedral à Chiclana de la Frontera, à seulement 5 km de la plage de La Barrosa et à 2 km du centre.</p>
</p>
<p>La maison est située sur un terrain de 811m2. Le chalet est réparti en 4 chambres, 2 salles de bain (une en suite), cuisine, salon, porche avant et latéral et sous-sol. Il y a un garage fermé, un garage couvert, une piscine d&rsquo;eau salée, des toilettes extérieures, un barbecue et un jardin.</p>
</p>
<p>C&rsquo;est le chalet idéal pour vivre toute l&rsquo;année près de la mer et de tous les services nécessaires.</p></p>
