{"id":318193,"date":"2024-01-29T12:15:41","date_gmt":"2022-08-17T13:36:39","guid":{"rendered":"http:\/\/yellowinmo.dev.theroomsocial.com\/property\/2486\/"},"modified":"2024-01-31T05:37:17","modified_gmt":"2024-01-31T05:37:17","slug":"2486","status":"publish","type":"wdd-property","link":"http:\/\/yellowinmo.dev.theroomsocial.com\/fr\/property\/2486\/","title":{"rendered":"Villa Fresno"},"content":{"rendered":"<p><p>Grande Villa \u00e0 louer \u00e0 court et long terme, situ\u00e9e \u00e0 Chiclana de la Frontera situ\u00e9e dans la zone nomm\u00e9e La Rana Verde \u00e0 proximit\u00e9 des supermarch\u00e9s, magasins, pharmacie, restaurants.<\/p>\n<p>La villa au design moderne et tr\u00e8s confortable dispose de 2 chambres, la premi\u00e8re avec un lit de 150 cm, salle de bain avec douche et dressing attenants, et l&rsquo;autre avec deux lits simples de 90 cm. Il y a une autre salle de bain compl\u00e8te avec une plaque de douche \u00e0 l&rsquo;ext\u00e9rieur des chambres.Le salon a un acc\u00e8s direct au jardin et au porche avec mobilier de jardin pour profiter d&rsquo;un repas en plein air. Il dispose d&rsquo;une piscine priv\u00e9e dans un tr\u00e8s beau jardin parfait pour passer vos vacances<\/p><\/p>\n","protected":false},"author":1,"featured_media":384176,"template":"","class_list":["post-318193","wdd-property","type-wdd-property","status-publish","has-post-thumbnail","hentry","wdd-location-la-rana-verde","wdd-operation-de-location","wdd-property-type-villa"],"_links":{"self":[{"href":"http:\/\/yellowinmo.dev.theroomsocial.com\/fr\/wp-json\/wp\/v2\/wdd-property\/318193","targetHints":{"allow":["GET"]}}],"collection":[{"href":"http:\/\/yellowinmo.dev.theroomsocial.com\/fr\/wp-json\/wp\/v2\/wdd-property"}],"about":[{"href":"http:\/\/yellowinmo.dev.theroomsocial.com\/fr\/wp-json\/wp\/v2\/types\/wdd-property"}],"author":[{"embeddable":true,"href":"http:\/\/yellowinmo.dev.theroomsocial.com\/fr\/wp-json\/wp\/v2\/users\/1"}],"version-history":[{"count":2,"href":"http:\/\/yellowinmo.dev.theroomsocial.com\/fr\/wp-json\/wp\/v2\/wdd-property\/318193\/revisions"}],"predecessor-version":[{"id":383360,"href":"http:\/\/yellowinmo.dev.theroomsocial.com\/fr\/wp-json\/wp\/v2\/wdd-property\/318193\/revisions\/383360"}],"wp:featuredmedia":[{"embeddable":true,"href":"http:\/\/yellowinmo.dev.theroomsocial.com\/fr\/wp-json\/wp\/v2\/media\/384176"}],"wp:attachment":[{"href":"http:\/\/yellowinmo.dev.theroomsocial.com\/fr\/wp-json\/wp\/v2\/media?parent=318193"}],"curies":[{"name":"wp","href":"https:\/\/api.w.org\/{rel}","templated":true}]}}

<p><p>Grande Villa à louer à court et long terme, située à Chiclana de la Frontera située dans la zone nommée La Rana Verde à proximité des supermarchés, magasins, pharmacie, restaurants.</p>
<p>La villa au design moderne et très confortable dispose de 2 chambres, la première avec un lit de 150 cm, salle de bain avec douche et dressing attenants, et l&rsquo;autre avec deux lits simples de 90 cm. Il y a une autre salle de bain complète avec une plaque de douche à l&rsquo;extérieur des chambres.Le salon a un accès direct au jardin et au porche avec mobilier de jardin pour profiter d&rsquo;un repas en plein air. Il dispose d&rsquo;une piscine privée dans un très beau jardin parfait pour passer vos vacances</p></p>
