{"id":299460,"date":"2022-06-21T13:47:27","date_gmt":"2022-06-21T13:47:27","guid":{"rendered":"http:\/\/yellowinmo.dev.theroomsocial.com\/property\/2467\/"},"modified":"2023-07-06T13:08:26","modified_gmt":"2023-07-06T13:08:26","slug":"2467","status":"publish","type":"wdd-property","link":"http:\/\/yellowinmo.dev.theroomsocial.com\/fr\/property\/2467\/","title":{"rendered":"Villa Ca\u00f1o"},"content":{"rendered":"<p><p>Maison de campagne \u00e0 vendre situ\u00e9e \u00e0 Chiclana de la Frontera dans la zone de Ca\u00f1o Juan Cebar (pago del Humo) cette zone a l&rsquo;eau du r\u00e9seau municipal et les rues avec des lampadaires.<\/p>\n<\/p>\n<p>La maison a 56m2 elle n&rsquo;est pas pr\u00eate \u00e0 emm\u00e9nager mais avec une r\u00e9forme ce serait une bonne maison de campagne \u00e0 seulement 1,5 km des prochains supermarch\u00e9s et restaurants \u00e0 6 km des plages de Chiclana de la Frontera quartier calme pour vivre toute l&rsquo;ann\u00e9e<\/p>\n<p>consulter aujourd&rsquo;hui<\/p><\/p>\n","protected":false},"author":1,"featured_media":392927,"template":"","class_list":["post-299460","wdd-property","type-wdd-property","status-publish","has-post-thumbnail","hentry","wdd-location-pago-del-humo","wdd-operation-vente","wdd-property-type-casa-de-campo"],"_links":{"self":[{"href":"http:\/\/yellowinmo.dev.theroomsocial.com\/fr\/wp-json\/wp\/v2\/wdd-property\/299460","targetHints":{"allow":["GET"]}}],"collection":[{"href":"http:\/\/yellowinmo.dev.theroomsocial.com\/fr\/wp-json\/wp\/v2\/wdd-property"}],"about":[{"href":"http:\/\/yellowinmo.dev.theroomsocial.com\/fr\/wp-json\/wp\/v2\/types\/wdd-property"}],"author":[{"embeddable":true,"href":"http:\/\/yellowinmo.dev.theroomsocial.com\/fr\/wp-json\/wp\/v2\/users\/1"}],"version-history":[{"count":2,"href":"http:\/\/yellowinmo.dev.theroomsocial.com\/fr\/wp-json\/wp\/v2\/wdd-property\/299460\/revisions"}],"predecessor-version":[{"id":392951,"href":"http:\/\/yellowinmo.dev.theroomsocial.com\/fr\/wp-json\/wp\/v2\/wdd-property\/299460\/revisions\/392951"}],"wp:featuredmedia":[{"embeddable":true,"href":"http:\/\/yellowinmo.dev.theroomsocial.com\/fr\/wp-json\/wp\/v2\/media\/392927"}],"wp:attachment":[{"href":"http:\/\/yellowinmo.dev.theroomsocial.com\/fr\/wp-json\/wp\/v2\/media?parent=299460"}],"curies":[{"name":"wp","href":"https:\/\/api.w.org\/{rel}","templated":true}]}}

Villa Caño

<p><p>Maison de campagne à vendre située à Chiclana de la Frontera dans la zone de Caño Juan Cebar (pago del Humo) cette zone a l&rsquo;eau du réseau municipal et les rues avec des lampadaires.</p>
</p>
<p>La maison a 56m2 elle n&rsquo;est pas prête à emménager mais avec une réforme ce serait une bonne maison de campagne à seulement 1,5 km des prochains supermarchés et restaurants à 6 km des plages de Chiclana de la Frontera quartier calme pour vivre toute l&rsquo;année</p>
<p>consulter aujourd&rsquo;hui</p></p>
