{"id":290767,"date":"2022-09-13T11:07:10","date_gmt":"2022-05-05T12:05:00","guid":{"rendered":"http:\/\/yellowinmo.dev.theroomsocial.com\/property\/2456\/"},"modified":"2023-07-06T13:07:12","modified_gmt":"2023-07-06T13:07:12","slug":"2456","status":"publish","type":"wdd-property","link":"http:\/\/yellowinmo.dev.theroomsocial.com\/fr\/property\/2456\/","title":{"rendered":"Villa Primavera"},"content":{"rendered":"<p><p>Grande Villa \u00e0 louer pour l&rsquo;\u00e9t\u00e9, situ\u00e9e \u00e0 Chiclana de la Frontera dans le quartier Las Rapaces avec un tr\u00e8s bon emplacement \u00e0 quelques pas des commerces, restaurants, caf\u00e9s, arr\u00eat de bus, la maison dispose de 3 chambres 2 salle de bain compl\u00e8te , s\u00e9jour avec salle \u00e0 manger et chemin\u00e9e, cuisine \u00e9quip\u00e9e. Le terrain a 700m2 avec un jardin tr\u00e8s bien entretenu, parfait pour passer vos vacances. la distance de la plage est de 1,5 km.<\/p>\n<p>prix par semaine en juin \u00e0 750\u20ac, juillet 950\u20ac et ao\u00fbt 1100\u20ac la semaine.<\/p><\/p>\n","protected":false},"author":1,"featured_media":392735,"template":"","class_list":["post-290767","wdd-property","type-wdd-property","status-publish","has-post-thumbnail","hentry","wdd-location-las-rapaces","wdd-operation-de-location","wdd-property-type-villa"],"_links":{"self":[{"href":"http:\/\/yellowinmo.dev.theroomsocial.com\/fr\/wp-json\/wp\/v2\/wdd-property\/290767","targetHints":{"allow":["GET"]}}],"collection":[{"href":"http:\/\/yellowinmo.dev.theroomsocial.com\/fr\/wp-json\/wp\/v2\/wdd-property"}],"about":[{"href":"http:\/\/yellowinmo.dev.theroomsocial.com\/fr\/wp-json\/wp\/v2\/types\/wdd-property"}],"author":[{"embeddable":true,"href":"http:\/\/yellowinmo.dev.theroomsocial.com\/fr\/wp-json\/wp\/v2\/users\/1"}],"version-history":[{"count":3,"href":"http:\/\/yellowinmo.dev.theroomsocial.com\/fr\/wp-json\/wp\/v2\/wdd-property\/290767\/revisions"}],"predecessor-version":[{"id":392807,"href":"http:\/\/yellowinmo.dev.theroomsocial.com\/fr\/wp-json\/wp\/v2\/wdd-property\/290767\/revisions\/392807"}],"wp:featuredmedia":[{"embeddable":true,"href":"http:\/\/yellowinmo.dev.theroomsocial.com\/fr\/wp-json\/wp\/v2\/media\/392735"}],"wp:attachment":[{"href":"http:\/\/yellowinmo.dev.theroomsocial.com\/fr\/wp-json\/wp\/v2\/media?parent=290767"}],"curies":[{"name":"wp","href":"https:\/\/api.w.org\/{rel}","templated":true}]}}

<p><p>Grande Villa à louer pour l&rsquo;été, située à Chiclana de la Frontera dans le quartier Las Rapaces avec un très bon emplacement à quelques pas des commerces, restaurants, cafés, arrêt de bus, la maison dispose de 3 chambres 2 salle de bain complète , séjour avec salle à manger et cheminée, cuisine équipée. Le terrain a 700m2 avec un jardin très bien entretenu, parfait pour passer vos vacances. la distance de la plage est de 1,5 km.</p>
<p>prix par semaine en juin à 750€, juillet 950€ et août 1100€ la semaine.</p></p>
