{"id":289843,"date":"2023-05-08T14:00:22","date_gmt":"2022-04-29T11:50:00","guid":{"rendered":"http:\/\/yellowinmo.dev.theroomsocial.com\/property\/2451\/"},"modified":"2023-07-06T13:06:32","modified_gmt":"2023-07-06T13:06:32","slug":"2451","status":"publish","type":"wdd-property","link":"http:\/\/yellowinmo.dev.theroomsocial.com\/fr\/property\/2451\/","title":{"rendered":"Palacete \u00c1tico San Antonio"},"content":{"rendered":"<p><p>Penthouse flambant neuf \u00e0 vendre dans un b\u00e2timent embl\u00e9matique indescriptible du centre de Cadix.<\/p>\n<p>Il y a 90 m\u00e8tres carr\u00e9s d&rsquo;espace de vie et 110 m\u00e8tres carr\u00e9s de terrasse priv\u00e9e donnant sur la Plaza San Antonio. Le penthouse est r\u00e9parti en 3 chambres, 2 salles de bains et un salon-cuisine. Qualit\u00e9s de premi\u00e8re classe, climatisation chaude et froide dans toutes les pi\u00e8ces. Sortie sur la terrasse depuis l&rsquo;entr\u00e9e principale, le salon et la pi\u00e8ce principale. Id\u00e9al pour y vivre toute l&rsquo;ann\u00e9e.<\/p><\/p>\n","protected":false},"author":1,"featured_media":392619,"template":"","class_list":["post-289843","wdd-property","type-wdd-property","status-publish","has-post-thumbnail","hentry","wdd-location-centro-cadiz-cadiz","wdd-operation-vente","wdd-property-type-atico"],"_links":{"self":[{"href":"http:\/\/yellowinmo.dev.theroomsocial.com\/fr\/wp-json\/wp\/v2\/wdd-property\/289843","targetHints":{"allow":["GET"]}}],"collection":[{"href":"http:\/\/yellowinmo.dev.theroomsocial.com\/fr\/wp-json\/wp\/v2\/wdd-property"}],"about":[{"href":"http:\/\/yellowinmo.dev.theroomsocial.com\/fr\/wp-json\/wp\/v2\/types\/wdd-property"}],"author":[{"embeddable":true,"href":"http:\/\/yellowinmo.dev.theroomsocial.com\/fr\/wp-json\/wp\/v2\/users\/1"}],"version-history":[{"count":3,"href":"http:\/\/yellowinmo.dev.theroomsocial.com\/fr\/wp-json\/wp\/v2\/wdd-property\/289843\/revisions"}],"predecessor-version":[{"id":392707,"href":"http:\/\/yellowinmo.dev.theroomsocial.com\/fr\/wp-json\/wp\/v2\/wdd-property\/289843\/revisions\/392707"}],"wp:featuredmedia":[{"embeddable":true,"href":"http:\/\/yellowinmo.dev.theroomsocial.com\/fr\/wp-json\/wp\/v2\/media\/392619"}],"wp:attachment":[{"href":"http:\/\/yellowinmo.dev.theroomsocial.com\/fr\/wp-json\/wp\/v2\/media?parent=289843"}],"curies":[{"name":"wp","href":"https:\/\/api.w.org\/{rel}","templated":true}]}}

Palacete Ático San Antonio

<p><p>Penthouse flambant neuf à vendre dans un bâtiment emblématique indescriptible du centre de Cadix.</p>
<p>Il y a 90 mètres carrés d&rsquo;espace de vie et 110 mètres carrés de terrasse privée donnant sur la Plaza San Antonio. Le penthouse est réparti en 3 chambres, 2 salles de bains et un salon-cuisine. Qualités de première classe, climatisation chaude et froide dans toutes les pièces. Sortie sur la terrasse depuis l&rsquo;entrée principale, le salon et la pièce principale. Idéal pour y vivre toute l&rsquo;année.</p></p>
