{"id":19472,"date":"2023-02-22T16:14:45","date_gmt":"2020-10-14T12:45:00","guid":{"rendered":"http:\/\/yellowinmo.dev.theroomsocial.com\/property\/2285-2\/"},"modified":"2023-02-24T05:35:37","modified_gmt":"2023-02-24T05:35:37","slug":"2285","status":"publish","type":"wdd-property","link":"http:\/\/yellowinmo.dev.theroomsocial.com\/fr\/property\/2285\/","title":{"rendered":"Villa Rustica"},"content":{"rendered":"<p><p>Grand terrain \u00e0 vendre dans le quartier de Pago Melilla \u00e0 Chiclana de la Frontera pr\u00e8s des plages, il a 14900 m2 avec une construction compos\u00e9e d&rsquo;\u00e9curies et d&rsquo;un d\u00e9barras. 116 m2 au total, parfait pour les amoureux des chevaux avec beaucoup d&rsquo;arbres, dispose d&rsquo;\u00e9lectricit\u00e9 et d&rsquo;eau de puits.<\/p>\n<p>L&rsquo;environnement est tr\u00e8s calme pr\u00e8s de la plage de Sancti Petri<\/p><\/p>\n","protected":false},"author":1,"featured_media":358550,"template":"","class_list":["post-19472","wdd-property","type-wdd-property","status-publish","has-post-thumbnail","hentry","wdd-location-pago-melilla","wdd-operation-vente","wdd-property-type-casa-con-terreno"],"_links":{"self":[{"href":"http:\/\/yellowinmo.dev.theroomsocial.com\/fr\/wp-json\/wp\/v2\/wdd-property\/19472","targetHints":{"allow":["GET"]}}],"collection":[{"href":"http:\/\/yellowinmo.dev.theroomsocial.com\/fr\/wp-json\/wp\/v2\/wdd-property"}],"about":[{"href":"http:\/\/yellowinmo.dev.theroomsocial.com\/fr\/wp-json\/wp\/v2\/types\/wdd-property"}],"author":[{"embeddable":true,"href":"http:\/\/yellowinmo.dev.theroomsocial.com\/fr\/wp-json\/wp\/v2\/users\/1"}],"version-history":[{"count":4,"href":"http:\/\/yellowinmo.dev.theroomsocial.com\/fr\/wp-json\/wp\/v2\/wdd-property\/19472\/revisions"}],"predecessor-version":[{"id":358691,"href":"http:\/\/yellowinmo.dev.theroomsocial.com\/fr\/wp-json\/wp\/v2\/wdd-property\/19472\/revisions\/358691"}],"wp:featuredmedia":[{"embeddable":true,"href":"http:\/\/yellowinmo.dev.theroomsocial.com\/fr\/wp-json\/wp\/v2\/media\/358550"}],"wp:attachment":[{"href":"http:\/\/yellowinmo.dev.theroomsocial.com\/fr\/wp-json\/wp\/v2\/media?parent=19472"}],"curies":[{"name":"wp","href":"https:\/\/api.w.org\/{rel}","templated":true}]}}

<p><p>Grand terrain à vendre dans le quartier de Pago Melilla à Chiclana de la Frontera près des plages, il a 14900 m2 avec une construction composée d&rsquo;écuries et d&rsquo;un débarras. 116 m2 au total, parfait pour les amoureux des chevaux avec beaucoup d&rsquo;arbres, dispose d&rsquo;électricité et d&rsquo;eau de puits.</p>
<p>L&rsquo;environnement est très calme près de la plage de Sancti Petri</p></p>
