{"id":19427,"date":"2022-11-16T18:39:31","date_gmt":"2020-10-02T12:35:00","guid":{"rendered":"http:\/\/yellowinmo.dev.theroomsocial.com\/property\/2235-5\/"},"modified":"2022-11-18T05:35:23","modified_gmt":"2022-11-18T05:35:23","slug":"2235","status":"publish","type":"wdd-property","link":"http:\/\/yellowinmo.dev.theroomsocial.com\/fr\/property\/2235\/","title":{"rendered":"Villa Cortijo"},"content":{"rendered":"<p><p>Grande villa \u00e0 vendre \u00e0 Chiclana de la Frontera dans la r\u00e9gion nomm\u00e9e The sotillo se trouve \u00e0 2,5 km des plages, \u00e0 seulement 1 km du quartier commer\u00e7ant id\u00e9al pour vivre toute l\u2019ann\u00e9e. La maison a une superficie construite de 150m2 a un style andalou, est r\u00e9partie en 3 chambres \u00e0 coucher, cuisine \u00e9quip\u00e9e et meubl\u00e9e, salon avec chemin\u00e9e et coin repas, 2 salles de bain, dressing, 2 porches couverts, aprte a une construction dans la cour Il dispose d&rsquo;une salle de f\u00eate avec bar et cuisine \u00e9quip\u00e9e, d&rsquo;une salle de bains et de 2 salles de stockage. Sur le devant se trouve un bureau qui donne sur la rue principale. Piscine priv\u00e9e et un tr\u00e8s beau jard<\/p><\/p>\n","protected":false},"author":1,"featured_media":209883,"template":"","class_list":["post-19427","wdd-property","type-wdd-property","status-publish","has-post-thumbnail","hentry","wdd-location-el-sotillo","wdd-operation-vente","wdd-property-type-villa"],"_links":{"self":[{"href":"http:\/\/yellowinmo.dev.theroomsocial.com\/fr\/wp-json\/wp\/v2\/wdd-property\/19427","targetHints":{"allow":["GET"]}}],"collection":[{"href":"http:\/\/yellowinmo.dev.theroomsocial.com\/fr\/wp-json\/wp\/v2\/wdd-property"}],"about":[{"href":"http:\/\/yellowinmo.dev.theroomsocial.com\/fr\/wp-json\/wp\/v2\/types\/wdd-property"}],"author":[{"embeddable":true,"href":"http:\/\/yellowinmo.dev.theroomsocial.com\/fr\/wp-json\/wp\/v2\/users\/1"}],"version-history":[{"count":2,"href":"http:\/\/yellowinmo.dev.theroomsocial.com\/fr\/wp-json\/wp\/v2\/wdd-property\/19427\/revisions"}],"predecessor-version":[{"id":193628,"href":"http:\/\/yellowinmo.dev.theroomsocial.com\/fr\/wp-json\/wp\/v2\/wdd-property\/19427\/revisions\/193628"}],"wp:featuredmedia":[{"embeddable":true,"href":"http:\/\/yellowinmo.dev.theroomsocial.com\/fr\/wp-json\/wp\/v2\/media\/209883"}],"wp:attachment":[{"href":"http:\/\/yellowinmo.dev.theroomsocial.com\/fr\/wp-json\/wp\/v2\/media?parent=19427"}],"curies":[{"name":"wp","href":"https:\/\/api.w.org\/{rel}","templated":true}]}}

<p><p>Grande villa à vendre à Chiclana de la Frontera dans la région nommée The sotillo se trouve à 2,5 km des plages, à seulement 1 km du quartier commerçant idéal pour vivre toute l’année. La maison a une superficie construite de 150m2 a un style andalou, est répartie en 3 chambres à coucher, cuisine équipée et meublée, salon avec cheminée et coin repas, 2 salles de bain, dressing, 2 porches couverts, aprte a une construction dans la cour Il dispose d&rsquo;une salle de fête avec bar et cuisine équipée, d&rsquo;une salle de bains et de 2 salles de stockage. Sur le devant se trouve un bureau qui donne sur la rue principale. Piscine privée et un très beau jard</p></p>
