{"id":19352,"date":"2023-01-24T13:26:41","date_gmt":"2020-09-26T10:25:00","guid":{"rendered":"http:\/\/yellowinmo.dev.theroomsocial.com\/property\/2255-5\/"},"modified":"2023-01-26T05:37:14","modified_gmt":"2023-01-26T05:37:14","slug":"2255","status":"publish","type":"wdd-property","link":"http:\/\/yellowinmo.dev.theroomsocial.com\/fr\/property\/2255\/","title":{"rendered":"Villa Campo"},"content":{"rendered":"<p><p>Grande villa \u00e0 vendre \u00e0 Chiclana de la Frontera dans la r\u00e9gion de caulina, rue asphalt\u00e9e bien connect\u00e9e de Borrequito \u00e0 seulement 600 m du supermarch\u00e9, \u00e0 1,5 km de la source am\u00e8re et \u00e0 4,5 km des plages. La villa dispose de 115 m2 r\u00e9partis en 2 chambres, dont une tr\u00e8s spacieuse, 1 salle de bain, salon, cuisine rustique, grand porche couvert et garage. L&rsquo;intrigue est s\u00e9par\u00e9e de 4502m2 avec situ\u00e9 dans la zone sup\u00e9rieure de sorte que vous obtenez une vue d\u00e9gag\u00e9e sur les environs.<\/p><\/p>\n","protected":false},"author":1,"featured_media":205244,"template":"","class_list":["post-19352","wdd-property","type-wdd-property","status-publish","has-post-thumbnail","hentry","wdd-location-el-florin","wdd-operation-vente","wdd-property-type-casa-de-campo"],"_links":{"self":[{"href":"http:\/\/yellowinmo.dev.theroomsocial.com\/fr\/wp-json\/wp\/v2\/wdd-property\/19352","targetHints":{"allow":["GET"]}}],"collection":[{"href":"http:\/\/yellowinmo.dev.theroomsocial.com\/fr\/wp-json\/wp\/v2\/wdd-property"}],"about":[{"href":"http:\/\/yellowinmo.dev.theroomsocial.com\/fr\/wp-json\/wp\/v2\/types\/wdd-property"}],"author":[{"embeddable":true,"href":"http:\/\/yellowinmo.dev.theroomsocial.com\/fr\/wp-json\/wp\/v2\/users\/1"}],"version-history":[{"count":2,"href":"http:\/\/yellowinmo.dev.theroomsocial.com\/fr\/wp-json\/wp\/v2\/wdd-property\/19352\/revisions"}],"predecessor-version":[{"id":193516,"href":"http:\/\/yellowinmo.dev.theroomsocial.com\/fr\/wp-json\/wp\/v2\/wdd-property\/19352\/revisions\/193516"}],"wp:featuredmedia":[{"embeddable":true,"href":"http:\/\/yellowinmo.dev.theroomsocial.com\/fr\/wp-json\/wp\/v2\/media\/205244"}],"wp:attachment":[{"href":"http:\/\/yellowinmo.dev.theroomsocial.com\/fr\/wp-json\/wp\/v2\/media?parent=19352"}],"curies":[{"name":"wp","href":"https:\/\/api.w.org\/{rel}","templated":true}]}}

<p><p>Grande villa à vendre à Chiclana de la Frontera dans la région de caulina, rue asphaltée bien connectée de Borrequito à seulement 600 m du supermarché, à 1,5 km de la source amère et à 4,5 km des plages. La villa dispose de 115 m2 répartis en 2 chambres, dont une très spacieuse, 1 salle de bain, salon, cuisine rustique, grand porche couvert et garage. L&rsquo;intrigue est séparée de 4502m2 avec situé dans la zone supérieure de sorte que vous obtenez une vue dégagée sur les environs.</p></p>
