{"id":181395,"date":"2022-03-22T13:10:00","date_gmt":"2021-12-15T13:35:00","guid":{"rendered":"http:\/\/yellowinmo.dev.theroomsocial.com\/property\/2410\/"},"modified":"2022-04-25T07:25:55","modified_gmt":"2022-04-25T07:25:55","slug":"2410","status":"publish","type":"wdd-property","link":"http:\/\/yellowinmo.dev.theroomsocial.com\/fr\/property\/2410\/","title":{"rendered":"Parcela Oasis"},"content":{"rendered":"<p><p>Beau terrain isol\u00e9 \u00e0 vendre dans la r\u00e9gion de Borreguitos, Chiclana de la Frontera, \u00e0 seulement 2 km du centre et \u00e0 6 km de la plage.<\/p>\n<p>Il y a une maison de 109 m2 et un entrep\u00f4t de 40 m2, tous deux \u00e0 r\u00e9nover enti\u00e8rement.<\/p>\n<p>Le terrain a 6 895 m2 et est enti\u00e8rement cl\u00f4tur\u00e9. Il y a 2 puits et compteur \u00e9lectrique.<\/p>\n<p>Elle est id\u00e9ale pour construire la maison de vos r\u00eaves dans un environnement calme.<\/p><\/p>\n","protected":false},"author":1,"featured_media":183129,"template":"","class_list":["post-181395","wdd-property","type-wdd-property","status-publish","has-post-thumbnail","hentry","wdd-location-borreguitos","wdd-operation-vente","wdd-property-type-parcela"],"_links":{"self":[{"href":"http:\/\/yellowinmo.dev.theroomsocial.com\/fr\/wp-json\/wp\/v2\/wdd-property\/181395","targetHints":{"allow":["GET"]}}],"collection":[{"href":"http:\/\/yellowinmo.dev.theroomsocial.com\/fr\/wp-json\/wp\/v2\/wdd-property"}],"about":[{"href":"http:\/\/yellowinmo.dev.theroomsocial.com\/fr\/wp-json\/wp\/v2\/types\/wdd-property"}],"author":[{"embeddable":true,"href":"http:\/\/yellowinmo.dev.theroomsocial.com\/fr\/wp-json\/wp\/v2\/users\/1"}],"version-history":[{"count":1,"href":"http:\/\/yellowinmo.dev.theroomsocial.com\/fr\/wp-json\/wp\/v2\/wdd-property\/181395\/revisions"}],"predecessor-version":[{"id":182096,"href":"http:\/\/yellowinmo.dev.theroomsocial.com\/fr\/wp-json\/wp\/v2\/wdd-property\/181395\/revisions\/182096"}],"wp:featuredmedia":[{"embeddable":true,"href":"http:\/\/yellowinmo.dev.theroomsocial.com\/fr\/wp-json\/wp\/v2\/media\/183129"}],"wp:attachment":[{"href":"http:\/\/yellowinmo.dev.theroomsocial.com\/fr\/wp-json\/wp\/v2\/media?parent=181395"}],"curies":[{"name":"wp","href":"https:\/\/api.w.org\/{rel}","templated":true}]}}

<p><p>Beau terrain isolé à vendre dans la région de Borreguitos, Chiclana de la Frontera, à seulement 2 km du centre et à 6 km de la plage.</p>
<p>Il y a une maison de 109 m2 et un entrepôt de 40 m2, tous deux à rénover entièrement.</p>
<p>Le terrain a 6 895 m2 et est entièrement clôturé. Il y a 2 puits et compteur électrique.</p>
<p>Elle est idéale pour construire la maison de vos rêves dans un environnement calme.</p></p>
