{"id":177603,"date":"2022-03-22T13:10:00","date_gmt":"2021-12-09T14:05:00","guid":{"rendered":"http:\/\/yellowinmo.dev.theroomsocial.com\/property\/2406\/"},"modified":"2022-04-25T07:25:55","modified_gmt":"2022-04-25T07:25:55","slug":"2406","status":"publish","type":"wdd-property","link":"http:\/\/yellowinmo.dev.theroomsocial.com\/fr\/property\/2406\/","title":{"rendered":"Villa Atardecer"},"content":{"rendered":"<p><p>Villa spectaculaire \u00e0 vendre \u00e0 Valdelagrana \u00e0 El Puerto de Santa Mar\u00eda, \u00e0 seulement 700 m\u00e8tres de la plage. Le terrain a 1050m2, il y a une maison de 270m2 et un garage pour 2 voitures et 2 motos. Le chalet est distribu\u00e9 en 5 chambres avec placards int\u00e9gr\u00e9s, 3 salons avec chemin\u00e9e, 3 salles de bain, cuisine compl\u00e8te et terrasse. Il y a un grand jardin, une cour et une piscine. La maison dispose de la climatisation et du chauffage central, de sols de haute qualit\u00e9 et d&rsquo;une installation d&rsquo;alarme de s\u00e9curit\u00e9. L&rsquo;option de le vendre meubl\u00e9 serait valoris\u00e9e. Il est situ\u00e9 \u00e0 5 minutes de la plage et du parc naturel de Los Toru\u00f1os.<\/p><\/p>\n","protected":false},"author":1,"featured_media":179136,"template":"","class_list":["post-177603","wdd-property","type-wdd-property","status-publish","has-post-thumbnail","hentry","wdd-location-valdelagrana","wdd-operation-vente","wdd-property-type-villa"],"_links":{"self":[{"href":"http:\/\/yellowinmo.dev.theroomsocial.com\/fr\/wp-json\/wp\/v2\/wdd-property\/177603","targetHints":{"allow":["GET"]}}],"collection":[{"href":"http:\/\/yellowinmo.dev.theroomsocial.com\/fr\/wp-json\/wp\/v2\/wdd-property"}],"about":[{"href":"http:\/\/yellowinmo.dev.theroomsocial.com\/fr\/wp-json\/wp\/v2\/types\/wdd-property"}],"author":[{"embeddable":true,"href":"http:\/\/yellowinmo.dev.theroomsocial.com\/fr\/wp-json\/wp\/v2\/users\/1"}],"version-history":[{"count":1,"href":"http:\/\/yellowinmo.dev.theroomsocial.com\/fr\/wp-json\/wp\/v2\/wdd-property\/177603\/revisions"}],"predecessor-version":[{"id":177903,"href":"http:\/\/yellowinmo.dev.theroomsocial.com\/fr\/wp-json\/wp\/v2\/wdd-property\/177603\/revisions\/177903"}],"wp:featuredmedia":[{"embeddable":true,"href":"http:\/\/yellowinmo.dev.theroomsocial.com\/fr\/wp-json\/wp\/v2\/media\/179136"}],"wp:attachment":[{"href":"http:\/\/yellowinmo.dev.theroomsocial.com\/fr\/wp-json\/wp\/v2\/media?parent=177603"}],"curies":[{"name":"wp","href":"https:\/\/api.w.org\/{rel}","templated":true}]}}

<p><p>Villa spectaculaire à vendre à Valdelagrana à El Puerto de Santa María, à seulement 700 mètres de la plage. Le terrain a 1050m2, il y a une maison de 270m2 et un garage pour 2 voitures et 2 motos. Le chalet est distribué en 5 chambres avec placards intégrés, 3 salons avec cheminée, 3 salles de bain, cuisine complète et terrasse. Il y a un grand jardin, une cour et une piscine. La maison dispose de la climatisation et du chauffage central, de sols de haute qualité et d&rsquo;une installation d&rsquo;alarme de sécurité. L&rsquo;option de le vendre meublé serait valorisée. Il est situé à 5 minutes de la plage et du parc naturel de Los Toruños.</p></p>
