{"id":170064,"date":"2023-03-24T10:56:19","date_gmt":"2021-11-15T12:25:00","guid":{"rendered":"http:\/\/yellowinmo.dev.theroomsocial.com\/property\/2396\/"},"modified":"2023-03-26T05:35:14","modified_gmt":"2023-03-26T05:35:14","slug":"2396","status":"publish","type":"wdd-property","link":"http:\/\/yellowinmo.dev.theroomsocial.com\/fr\/property\/2396\/","title":{"rendered":"Finca Las Campaneras"},"content":{"rendered":"<p><p>Un grand domaine de 62 586 m\u00e8tres carr\u00e9s est \u00e0 vendre pr\u00e8s de la Carretera de Medina, Chiclana de la Frontera. Il n&rsquo;est qu&rsquo;\u00e0 6 km de Chiclana et \u00e9tant en hauteur, il offre de tr\u00e8s belles vues sur les environs. Il y a une construction qui est en mauvais \u00e9tat et a besoin d&rsquo;une r\u00e9forme. Le domaine est id\u00e9ale pour r\u00e9aliser votre r\u00eave d&rsquo;une ferme.<\/p><\/p>\n","protected":false},"author":1,"featured_media":170325,"template":"","class_list":["post-170064","wdd-property","type-wdd-property","status-publish","has-post-thumbnail","hentry","wdd-location-carretera-de-medina","wdd-operation-vente","wdd-property-type-terreno-rural"],"_links":{"self":[{"href":"http:\/\/yellowinmo.dev.theroomsocial.com\/fr\/wp-json\/wp\/v2\/wdd-property\/170064","targetHints":{"allow":["GET"]}}],"collection":[{"href":"http:\/\/yellowinmo.dev.theroomsocial.com\/fr\/wp-json\/wp\/v2\/wdd-property"}],"about":[{"href":"http:\/\/yellowinmo.dev.theroomsocial.com\/fr\/wp-json\/wp\/v2\/types\/wdd-property"}],"author":[{"embeddable":true,"href":"http:\/\/yellowinmo.dev.theroomsocial.com\/fr\/wp-json\/wp\/v2\/users\/1"}],"version-history":[{"count":1,"href":"http:\/\/yellowinmo.dev.theroomsocial.com\/fr\/wp-json\/wp\/v2\/wdd-property\/170064\/revisions"}],"predecessor-version":[{"id":170212,"href":"http:\/\/yellowinmo.dev.theroomsocial.com\/fr\/wp-json\/wp\/v2\/wdd-property\/170064\/revisions\/170212"}],"wp:featuredmedia":[{"embeddable":true,"href":"http:\/\/yellowinmo.dev.theroomsocial.com\/fr\/wp-json\/wp\/v2\/media\/170325"}],"wp:attachment":[{"href":"http:\/\/yellowinmo.dev.theroomsocial.com\/fr\/wp-json\/wp\/v2\/media?parent=170064"}],"curies":[{"name":"wp","href":"https:\/\/api.w.org\/{rel}","templated":true}]}}

<p><p>Un grand domaine de 62 586 mètres carrés est à vendre près de la Carretera de Medina, Chiclana de la Frontera. Il n&rsquo;est qu&rsquo;à 6 km de Chiclana et étant en hauteur, il offre de très belles vues sur les environs. Il y a une construction qui est en mauvais état et a besoin d&rsquo;une réforme. Le domaine est idéale pour réaliser votre rêve d&rsquo;une ferme.</p></p>
