{"id":139772,"date":"2022-06-22T12:45:00","date_gmt":"2021-10-06T13:25:00","guid":{"rendered":"http:\/\/yellowinmo.dev.theroomsocial.com\/property\/2386\/"},"modified":"2022-06-24T05:43:04","modified_gmt":"2022-06-24T05:43:04","slug":"2386","status":"publish","type":"wdd-property","link":"http:\/\/yellowinmo.dev.theroomsocial.com\/fr\/property\/2386\/","title":{"rendered":"Casa Los Jardines"},"content":{"rendered":"<p><p>Estupendo edificio en venta con casa de 3 plantas + un local comercial<\/p>\n<\/p>\n<p>la casa que dispone de 3 plantas con unas muy buenas calidades, con ascensor desde el aparcamiento subterr\u00e1neo hasta la azotea, o sea cada planta tiene acceso al ascensor, la casa tiene 3 dormitorios, 2 ba\u00f1os, aparte dispone en la entreplanta un despacho con ba\u00f1o, en la azotea que tiene una parte cubierta con cocina , y otra parte descubierta con vistas al centro de la ciudad .<\/p><\/p>\n","protected":false},"author":1,"featured_media":141698,"template":"","class_list":["post-139772","wdd-property","type-wdd-property","status-publish","has-post-thumbnail","hentry","wdd-location-calle-jardines","wdd-operation-vente","wdd-property-type-villa-de-lujo"],"_links":{"self":[{"href":"http:\/\/yellowinmo.dev.theroomsocial.com\/fr\/wp-json\/wp\/v2\/wdd-property\/139772","targetHints":{"allow":["GET"]}}],"collection":[{"href":"http:\/\/yellowinmo.dev.theroomsocial.com\/fr\/wp-json\/wp\/v2\/wdd-property"}],"about":[{"href":"http:\/\/yellowinmo.dev.theroomsocial.com\/fr\/wp-json\/wp\/v2\/types\/wdd-property"}],"author":[{"embeddable":true,"href":"http:\/\/yellowinmo.dev.theroomsocial.com\/fr\/wp-json\/wp\/v2\/users\/1"}],"version-history":[{"count":1,"href":"http:\/\/yellowinmo.dev.theroomsocial.com\/fr\/wp-json\/wp\/v2\/wdd-property\/139772\/revisions"}],"predecessor-version":[{"id":140288,"href":"http:\/\/yellowinmo.dev.theroomsocial.com\/fr\/wp-json\/wp\/v2\/wdd-property\/139772\/revisions\/140288"}],"wp:featuredmedia":[{"embeddable":true,"href":"http:\/\/yellowinmo.dev.theroomsocial.com\/fr\/wp-json\/wp\/v2\/media\/141698"}],"wp:attachment":[{"href":"http:\/\/yellowinmo.dev.theroomsocial.com\/fr\/wp-json\/wp\/v2\/media?parent=139772"}],"curies":[{"name":"wp","href":"https:\/\/api.w.org\/{rel}","templated":true}]}}

<p><p>Estupendo edificio en venta con casa de 3 plantas + un local comercial</p>
</p>
<p>la casa que dispone de 3 plantas con unas muy buenas calidades, con ascensor desde el aparcamiento subterráneo hasta la azotea, o sea cada planta tiene acceso al ascensor, la casa tiene 3 dormitorios, 2 baños, aparte dispone en la entreplanta un despacho con baño, en la azotea que tiene una parte cubierta con cocina , y otra parte descubierta con vistas al centro de la ciudad .</p></p>
