{"id":86357,"date":"2022-06-16T13:32:10","date_gmt":"2021-04-12T13:25:00","guid":{"rendered":"http:\/\/yellowinmo.dev.theroomsocial.com\/property\/2336-2\/"},"modified":"2024-05-07T16:03:25","modified_gmt":"2024-05-07T16:03:25","slug":"2336","status":"publish","type":"wdd-property","link":"http:\/\/yellowinmo.dev.theroomsocial.com\/de\/property\/2336\/","title":{"rendered":"Villa Campogrande"},"content":{"rendered":"<p><p>Gro\u00dfartige Villa zum Verkauf in Vejer de la Frontera, nur 1 km vom Stadtzentrum und 9 km vom Strand entfernt. Die Villa verf\u00fcgt \u00fcber 90 m\u00b2, verteilt auf 3 Schlafzimmer, 1 Badezimmer, Wohnzimmer, K\u00fcche und \u00fcberdachte Veranda. Das Grundst\u00fcck hat eine Gesamtfl\u00e4che von 60.000 m\u00b2 und eine sehr sch\u00f6ne Aussicht.<\/p><\/p>\n","protected":false},"author":1,"featured_media":442936,"template":"","class_list":["post-86357","wdd-property","type-wdd-property","status-publish","has-post-thumbnail","hentry","wdd-location-otras","wdd-operation-verkauf","wdd-property-type-villa"],"_links":{"self":[{"href":"http:\/\/yellowinmo.dev.theroomsocial.com\/de\/wp-json\/wp\/v2\/wdd-property\/86357","targetHints":{"allow":["GET"]}}],"collection":[{"href":"http:\/\/yellowinmo.dev.theroomsocial.com\/de\/wp-json\/wp\/v2\/wdd-property"}],"about":[{"href":"http:\/\/yellowinmo.dev.theroomsocial.com\/de\/wp-json\/wp\/v2\/types\/wdd-property"}],"author":[{"embeddable":true,"href":"http:\/\/yellowinmo.dev.theroomsocial.com\/de\/wp-json\/wp\/v2\/users\/1"}],"version-history":[{"count":3,"href":"http:\/\/yellowinmo.dev.theroomsocial.com\/de\/wp-json\/wp\/v2\/wdd-property\/86357\/revisions"}],"predecessor-version":[{"id":442966,"href":"http:\/\/yellowinmo.dev.theroomsocial.com\/de\/wp-json\/wp\/v2\/wdd-property\/86357\/revisions\/442966"}],"wp:featuredmedia":[{"embeddable":true,"href":"http:\/\/yellowinmo.dev.theroomsocial.com\/de\/wp-json\/wp\/v2\/media\/442936"}],"wp:attachment":[{"href":"http:\/\/yellowinmo.dev.theroomsocial.com\/de\/wp-json\/wp\/v2\/media?parent=86357"}],"curies":[{"name":"wp","href":"https:\/\/api.w.org\/{rel}","templated":true}]}}

<p><p>Großartige Villa zum Verkauf in Vejer de la Frontera, nur 1 km vom Stadtzentrum und 9 km vom Strand entfernt. Die Villa verfügt über 90 m², verteilt auf 3 Schlafzimmer, 1 Badezimmer, Wohnzimmer, Küche und überdachte Veranda. Das Grundstück hat eine Gesamtfläche von 60.000 m² und eine sehr schöne Aussicht.</p></p>
