{"id":64865,"date":"2023-07-03T10:45:11","date_gmt":"2021-02-26T14:30:00","guid":{"rendered":"http:\/\/yellowinmo.dev.theroomsocial.com\/property\/2325-2\/"},"modified":"2023-07-05T05:37:34","modified_gmt":"2023-07-05T05:37:34","slug":"2325","status":"publish","type":"wdd-property","link":"http:\/\/yellowinmo.dev.theroomsocial.com\/de\/property\/2325\/","title":{"rendered":"Villa Hawai"},"content":{"rendered":"<p><p>Villa mit Privat Schwimmbad f\u00fcr Sommervermietung in Chiclana de la Frontera an der K\u00fcste des Lichts in der Gegend mit dem Namen Aldea del coto Coto, nur 2 km vom La Barrosa Strand entfernt, sehr ruhige Lage und wenige Meter von Gesch\u00e4ften, Bars, Restaurants, Superm\u00e4rkten . Verf\u00fcgt \u00fcber 3 Schlafzimmer, 1 Badezimmer mit Dusche, Wohnzimmer mit Klimaanlage, Einbauk\u00fcche, optional  verf\u00fcgt \u00fcber ein Schlafzimmer mit Doppelbett im einen Nebengeb\u00e4ude der Villa, Parkplatz, \u00fcberdachte Veranda, schwimmbad  mit Liegewiese und Holzboden.bestens geignet f\u00fcr ihren Urlaub in S\u00fcdspanien.<\/p>\n<p>Die Preise pro Woche betragen: 920 \u20ac im Juni, 1.380 \u20ac im Juli, 1.725 \u20ac im August und 1.380 \u20ac im September.<\/p><\/p>\n","protected":false},"author":1,"featured_media":0,"template":"","class_list":["post-64865","wdd-property","type-wdd-property","status-publish","hentry","wdd-location-el-sotillo","wdd-operation-vermietung","wdd-property-type-villa"],"_links":{"self":[{"href":"http:\/\/yellowinmo.dev.theroomsocial.com\/de\/wp-json\/wp\/v2\/wdd-property\/64865","targetHints":{"allow":["GET"]}}],"collection":[{"href":"http:\/\/yellowinmo.dev.theroomsocial.com\/de\/wp-json\/wp\/v2\/wdd-property"}],"about":[{"href":"http:\/\/yellowinmo.dev.theroomsocial.com\/de\/wp-json\/wp\/v2\/types\/wdd-property"}],"author":[{"embeddable":true,"href":"http:\/\/yellowinmo.dev.theroomsocial.com\/de\/wp-json\/wp\/v2\/users\/1"}],"version-history":[{"count":4,"href":"http:\/\/yellowinmo.dev.theroomsocial.com\/de\/wp-json\/wp\/v2\/wdd-property\/64865\/revisions"}],"predecessor-version":[{"id":390549,"href":"http:\/\/yellowinmo.dev.theroomsocial.com\/de\/wp-json\/wp\/v2\/wdd-property\/64865\/revisions\/390549"}],"wp:attachment":[{"href":"http:\/\/yellowinmo.dev.theroomsocial.com\/de\/wp-json\/wp\/v2\/media?parent=64865"}],"curies":[{"name":"wp","href":"https:\/\/api.w.org\/{rel}","templated":true}]}}

<p><p>Villa mit Privat Schwimmbad für Sommervermietung in Chiclana de la Frontera an der Küste des Lichts in der Gegend mit dem Namen Aldea del coto Coto, nur 2 km vom La Barrosa Strand entfernt, sehr ruhige Lage und wenige Meter von Geschäften, Bars, Restaurants, Supermärkten . Verfügt über 3 Schlafzimmer, 1 Badezimmer mit Dusche, Wohnzimmer mit Klimaanlage, Einbauküche, optional  verfügt über ein Schlafzimmer mit Doppelbett im einen Nebengebäude der Villa, Parkplatz, überdachte Veranda, schwimmbad  mit Liegewiese und Holzboden.bestens geignet für ihren Urlaub in Südspanien.</p>
<p>Die Preise pro Woche betragen: 920 € im Juni, 1.380 € im Juli, 1.725 € im August und 1.380 € im September.</p></p>
