{"id":393746,"date":"2024-04-29T10:22:15","date_gmt":"2023-07-06T14:02:38","guid":{"rendered":"http:\/\/yellowinmo.dev.theroomsocial.com\/property\/2560\/"},"modified":"2024-05-01T05:39:29","modified_gmt":"2024-05-01T05:39:29","slug":"2560","status":"publish","type":"wdd-property","link":"http:\/\/yellowinmo.dev.theroomsocial.com\/de\/property\/2560\/","title":{"rendered":"Villa Andaluz con piscina privada"},"content":{"rendered":"<p><p>Gran villa en estilo r\u00fastico en alquiler vacacional en el Marquesado a las afueras de Chiclana de la Frontera. <\/p>\n<p>La villa est\u00e1 muy bien para hacer sus vacaciones en Chiclana de la frontera con sus playas con arena blancas.<\/p>\n<p>La villa dispone de todo lo que necesita, se distribuye en 3 dormitorios, 2 ba\u00f1os, sal\u00f3n, cocina amplia equipada con todos los electrodom\u00e9sticos.<\/p>\n<p>En el exterior tenemos sitio de barbacoa, piscina privada, un jard\u00edn con c\u00e9sped natural.<\/p><\/p>\n","protected":false},"author":1,"featured_media":397785,"template":"","class_list":["post-393746","wdd-property","type-wdd-property","status-publish","has-post-thumbnail","hentry","wdd-location-marquesado","wdd-operation-vermietung","wdd-property-type-villa"],"_links":{"self":[{"href":"http:\/\/yellowinmo.dev.theroomsocial.com\/de\/wp-json\/wp\/v2\/wdd-property\/393746","targetHints":{"allow":["GET"]}}],"collection":[{"href":"http:\/\/yellowinmo.dev.theroomsocial.com\/de\/wp-json\/wp\/v2\/wdd-property"}],"about":[{"href":"http:\/\/yellowinmo.dev.theroomsocial.com\/de\/wp-json\/wp\/v2\/types\/wdd-property"}],"author":[{"embeddable":true,"href":"http:\/\/yellowinmo.dev.theroomsocial.com\/de\/wp-json\/wp\/v2\/users\/1"}],"version-history":[{"count":2,"href":"http:\/\/yellowinmo.dev.theroomsocial.com\/de\/wp-json\/wp\/v2\/wdd-property\/393746\/revisions"}],"predecessor-version":[{"id":394820,"href":"http:\/\/yellowinmo.dev.theroomsocial.com\/de\/wp-json\/wp\/v2\/wdd-property\/393746\/revisions\/394820"}],"wp:featuredmedia":[{"embeddable":true,"href":"http:\/\/yellowinmo.dev.theroomsocial.com\/de\/wp-json\/wp\/v2\/media\/397785"}],"wp:attachment":[{"href":"http:\/\/yellowinmo.dev.theroomsocial.com\/de\/wp-json\/wp\/v2\/media?parent=393746"}],"curies":[{"name":"wp","href":"https:\/\/api.w.org\/{rel}","templated":true}]}}

<p><p>Gran villa en estilo rústico en alquiler vacacional en el Marquesado a las afueras de Chiclana de la Frontera. </p>
<p>La villa está muy bien para hacer sus vacaciones en Chiclana de la frontera con sus playas con arena blancas.</p>
<p>La villa dispone de todo lo que necesita, se distribuye en 3 dormitorios, 2 baños, salón, cocina amplia equipada con todos los electrodomésticos.</p>
<p>En el exterior tenemos sitio de barbacoa, piscina privada, un jardín con césped natural.</p></p>
