{"id":38933,"date":"2024-04-29T10:33:11","date_gmt":"2020-12-17T13:10:00","guid":{"rendered":"http:\/\/yellowinmo.dev.theroomsocial.com\/property\/2306-2\/"},"modified":"2024-05-01T05:38:51","modified_gmt":"2024-05-01T05:38:51","slug":"2306","status":"publish","type":"wdd-property","link":"http:\/\/yellowinmo.dev.theroomsocial.com\/de\/property\/2306\/","title":{"rendered":"Villa Rosa"},"content":{"rendered":"<p><p>Villa in Chiclana de la Fra., Costa de la Luz. f\u00fcr Sommervermietung liegt  in der Wohngegend mit namen Pago del Humo. ca 8 km vom Strand und 2 km vom Stadtzentrum entfernt, .Eine sehr gut ausgestattete  Villa sehr gepflegt, verf\u00fcgt eine Fl\u00e4che von 80 m2, aufgeteilt in 2 Schlafzimmer, 1 Badezimmer, ausgeattete  K\u00fcche mit Zugang zum Gartenbereich,  und einem gro\u00dfen Wohnzimmer mit Kamin . Es verf\u00fcgt \u00fcber eine Klimaanlage im Wohnzimmer. Das Grundst\u00fcck verf\u00fcgt \u00fcber 640 m2 mit Obstb\u00e4umen und einem Privatschwimmbad von 10 x5m gross . einen perfekte Ferien immobilie um Ihren Urlaub zu verbringen. mit WIFI<\/p><\/p>\n","protected":false},"author":1,"featured_media":310435,"template":"","class_list":["post-38933","wdd-property","type-wdd-property","status-publish","has-post-thumbnail","hentry","wdd-location-pago-del-humo","wdd-operation-vermietung","wdd-property-type-villa"],"_links":{"self":[{"href":"http:\/\/yellowinmo.dev.theroomsocial.com\/de\/wp-json\/wp\/v2\/wdd-property\/38933","targetHints":{"allow":["GET"]}}],"collection":[{"href":"http:\/\/yellowinmo.dev.theroomsocial.com\/de\/wp-json\/wp\/v2\/wdd-property"}],"about":[{"href":"http:\/\/yellowinmo.dev.theroomsocial.com\/de\/wp-json\/wp\/v2\/types\/wdd-property"}],"author":[{"embeddable":true,"href":"http:\/\/yellowinmo.dev.theroomsocial.com\/de\/wp-json\/wp\/v2\/users\/1"}],"version-history":[{"count":5,"href":"http:\/\/yellowinmo.dev.theroomsocial.com\/de\/wp-json\/wp\/v2\/wdd-property\/38933\/revisions"}],"predecessor-version":[{"id":440351,"href":"http:\/\/yellowinmo.dev.theroomsocial.com\/de\/wp-json\/wp\/v2\/wdd-property\/38933\/revisions\/440351"}],"wp:featuredmedia":[{"embeddable":true,"href":"http:\/\/yellowinmo.dev.theroomsocial.com\/de\/wp-json\/wp\/v2\/media\/310435"}],"wp:attachment":[{"href":"http:\/\/yellowinmo.dev.theroomsocial.com\/de\/wp-json\/wp\/v2\/media?parent=38933"}],"curies":[{"name":"wp","href":"https:\/\/api.w.org\/{rel}","templated":true}]}}

<p><p>Villa in Chiclana de la Fra., Costa de la Luz. für Sommervermietung liegt  in der Wohngegend mit namen Pago del Humo. ca 8 km vom Strand und 2 km vom Stadtzentrum entfernt, .Eine sehr gut ausgestattete  Villa sehr gepflegt, verfügt eine Fläche von 80 m2, aufgeteilt in 2 Schlafzimmer, 1 Badezimmer, ausgeattete  Küche mit Zugang zum Gartenbereich,  und einem großen Wohnzimmer mit Kamin . Es verfügt über eine Klimaanlage im Wohnzimmer. Das Grundstück verfügt über 640 m2 mit Obstbäumen und einem Privatschwimmbad von 10 x5m gross . einen perfekte Ferien immobilie um Ihren Urlaub zu verbringen. mit WIFI</p></p>
