{"id":352928,"date":"2023-07-18T13:01:49","date_gmt":"2023-01-23T13:22:47","guid":{"rendered":"http:\/\/yellowinmo.dev.theroomsocial.com\/property\/2518\/"},"modified":"2024-04-29T09:12:59","modified_gmt":"2024-04-29T09:12:59","slug":"2518","status":"publish","type":"wdd-property","link":"http:\/\/yellowinmo.dev.theroomsocial.com\/de\/property\/2518\/","title":{"rendered":"Villa Senator"},"content":{"rendered":"<p><p>Gro\u00dfartige Villa zum Verkauf in Chiclana de la Frontera in der Gegend von El Marquesado mit einer guten Lage, ganz in der N\u00e4he von Mercadona-Superm\u00e4rkten, B\u00e4ckereien, Bushaltestellen und 8 km von den Str\u00e4nden von Chiclana entfernt.<\/p>\n<p>Das Chalet ist sehr gepflegt und verteilt sich auf 3 Schlafzimmer, 2 Badezimmer, ein Wohnzimmer mit separatem Kamin, eine installierte Klimaanlage, eine ausgestattete K\u00fcche und eine seitliche Veranda mit Gartentisch.<\/p>\n<p>Das Grundst\u00fcck ist 500m2 mit privates schwimmbad.<\/p><\/p>\n","protected":false},"author":1,"featured_media":401633,"template":"","class_list":["post-352928","wdd-property","type-wdd-property","status-publish","has-post-thumbnail","hentry","wdd-location-marquesado","wdd-operation-verkauf","wdd-property-type-villa"],"_links":{"self":[{"href":"http:\/\/yellowinmo.dev.theroomsocial.com\/de\/wp-json\/wp\/v2\/wdd-property\/352928","targetHints":{"allow":["GET"]}}],"collection":[{"href":"http:\/\/yellowinmo.dev.theroomsocial.com\/de\/wp-json\/wp\/v2\/wdd-property"}],"about":[{"href":"http:\/\/yellowinmo.dev.theroomsocial.com\/de\/wp-json\/wp\/v2\/types\/wdd-property"}],"author":[{"embeddable":true,"href":"http:\/\/yellowinmo.dev.theroomsocial.com\/de\/wp-json\/wp\/v2\/users\/1"}],"version-history":[{"count":4,"href":"http:\/\/yellowinmo.dev.theroomsocial.com\/de\/wp-json\/wp\/v2\/wdd-property\/352928\/revisions"}],"predecessor-version":[{"id":400356,"href":"http:\/\/yellowinmo.dev.theroomsocial.com\/de\/wp-json\/wp\/v2\/wdd-property\/352928\/revisions\/400356"}],"wp:featuredmedia":[{"embeddable":true,"href":"http:\/\/yellowinmo.dev.theroomsocial.com\/de\/wp-json\/wp\/v2\/media\/401633"}],"wp:attachment":[{"href":"http:\/\/yellowinmo.dev.theroomsocial.com\/de\/wp-json\/wp\/v2\/media?parent=352928"}],"curies":[{"name":"wp","href":"https:\/\/api.w.org\/{rel}","templated":true}]}}

<p><p>Großartige Villa zum Verkauf in Chiclana de la Frontera in der Gegend von El Marquesado mit einer guten Lage, ganz in der Nähe von Mercadona-Supermärkten, Bäckereien, Bushaltestellen und 8 km von den Stränden von Chiclana entfernt.</p>
<p>Das Chalet ist sehr gepflegt und verteilt sich auf 3 Schlafzimmer, 2 Badezimmer, ein Wohnzimmer mit separatem Kamin, eine installierte Klimaanlage, eine ausgestattete Küche und eine seitliche Veranda mit Gartentisch.</p>
<p>Das Grundstück ist 500m2 mit privates schwimmbad.</p></p>
