{"id":321469,"date":"2022-08-26T12:29:57","date_gmt":"2022-08-26T12:29:57","guid":{"rendered":"http:\/\/yellowinmo.dev.theroomsocial.com\/property\/2488\/"},"modified":"2022-08-28T05:35:29","modified_gmt":"2022-08-28T05:35:29","slug":"2488","status":"publish","type":"wdd-property","link":"http:\/\/yellowinmo.dev.theroomsocial.com\/de\/property\/2488\/","title":{"rendered":"Villa Minerva"},"content":{"rendered":"<p><p>Sch\u00f6ne Villa in der Gegend namens El Almedral in Chiclana de la Frontera, nur 5 km vom Strand La Barrosa und 2 km vom Zentrum entfernt.<\/p>\n<\/p>\n<p>Das Haus befindet sich auf einem Grundst\u00fcck mit 811m2. Das Chalet ist aufgeteilt in 4 Schlafzimmer, 2 Badezimmer (eines davon en suite), K\u00fcche, Wohnzimmer, vordere und seitliche Veranda und Keller. Es gibt eine geschlossene Garage, eine \u00fcberdachte Garage, einen Salzwasserpool, eine Au\u00dfentoilette, einen Grill und einen Garten.<\/p>\n<\/p>\n<p>Es ist das ideale Chalet, um das ganze Jahr \u00fcber in der N\u00e4he des Meeres und aller notwendigen Dienstleistungen zu leben.<\/p><\/p>\n","protected":false},"author":1,"featured_media":0,"template":"","class_list":["post-321469","wdd-property","type-wdd-property","status-publish","hentry","wdd-location-el-almedral","wdd-operation-verkauf","wdd-property-type-villa"],"_links":{"self":[{"href":"http:\/\/yellowinmo.dev.theroomsocial.com\/de\/wp-json\/wp\/v2\/wdd-property\/321469","targetHints":{"allow":["GET"]}}],"collection":[{"href":"http:\/\/yellowinmo.dev.theroomsocial.com\/de\/wp-json\/wp\/v2\/wdd-property"}],"about":[{"href":"http:\/\/yellowinmo.dev.theroomsocial.com\/de\/wp-json\/wp\/v2\/types\/wdd-property"}],"author":[{"embeddable":true,"href":"http:\/\/yellowinmo.dev.theroomsocial.com\/de\/wp-json\/wp\/v2\/users\/1"}],"version-history":[{"count":1,"href":"http:\/\/yellowinmo.dev.theroomsocial.com\/de\/wp-json\/wp\/v2\/wdd-property\/321469\/revisions"}],"predecessor-version":[{"id":321761,"href":"http:\/\/yellowinmo.dev.theroomsocial.com\/de\/wp-json\/wp\/v2\/wdd-property\/321469\/revisions\/321761"}],"wp:attachment":[{"href":"http:\/\/yellowinmo.dev.theroomsocial.com\/de\/wp-json\/wp\/v2\/media?parent=321469"}],"curies":[{"name":"wp","href":"https:\/\/api.w.org\/{rel}","templated":true}]}}

<p><p>Schöne Villa in der Gegend namens El Almedral in Chiclana de la Frontera, nur 5 km vom Strand La Barrosa und 2 km vom Zentrum entfernt.</p>
</p>
<p>Das Haus befindet sich auf einem Grundstück mit 811m2. Das Chalet ist aufgeteilt in 4 Schlafzimmer, 2 Badezimmer (eines davon en suite), Küche, Wohnzimmer, vordere und seitliche Veranda und Keller. Es gibt eine geschlossene Garage, eine überdachte Garage, einen Salzwasserpool, eine Außentoilette, einen Grill und einen Garten.</p>
</p>
<p>Es ist das ideale Chalet, um das ganze Jahr über in der Nähe des Meeres und aller notwendigen Dienstleistungen zu leben.</p></p>
