{"id":293292,"date":"2023-03-02T11:37:37","date_gmt":"2022-06-01T12:40:00","guid":{"rendered":"http:\/\/yellowinmo.dev.theroomsocial.com\/property\/2459\/"},"modified":"2023-07-06T13:08:13","modified_gmt":"2023-07-06T13:08:13","slug":"2459","status":"publish","type":"wdd-property","link":"http:\/\/yellowinmo.dev.theroomsocial.com\/de\/property\/2459\/","title":{"rendered":"Villa Alegr\u00eda"},"content":{"rendered":"<p><p>Die Villa Alegra liegt in der Gegend namens Las Veguetas in Chiclana de la Frontera, nur 3,5 Kilometer vom Strand La Barrosa entfernt. Das Chalet ist ideal um Ferien zu machen. Das Haus ist in 2 Schlafzimmer, 2 Badezimmer und eine gro\u00dfe Wohnk\u00fcche mit 2 Einzelbetten aufgeteilt. Vorhanden sind ein privater Pool, ein Grill, ein Bad im Au\u00dfenbereich, eine Garage und Platz zum Entspannen in einer sehr ruhigen Umgebung. Der Preis pro Woche betr\u00e4gt 1.980 \u20ac.<\/p><\/p>\n","protected":false},"author":1,"featured_media":392884,"template":"","class_list":["post-293292","wdd-property","type-wdd-property","status-publish","has-post-thumbnail","hentry","wdd-location-las-veguetas","wdd-operation-vermietung","wdd-property-type-villa"],"_links":{"self":[{"href":"http:\/\/yellowinmo.dev.theroomsocial.com\/de\/wp-json\/wp\/v2\/wdd-property\/293292","targetHints":{"allow":["GET"]}}],"collection":[{"href":"http:\/\/yellowinmo.dev.theroomsocial.com\/de\/wp-json\/wp\/v2\/wdd-property"}],"about":[{"href":"http:\/\/yellowinmo.dev.theroomsocial.com\/de\/wp-json\/wp\/v2\/types\/wdd-property"}],"author":[{"embeddable":true,"href":"http:\/\/yellowinmo.dev.theroomsocial.com\/de\/wp-json\/wp\/v2\/users\/1"}],"version-history":[{"count":2,"href":"http:\/\/yellowinmo.dev.theroomsocial.com\/de\/wp-json\/wp\/v2\/wdd-property\/293292\/revisions"}],"predecessor-version":[{"id":392918,"href":"http:\/\/yellowinmo.dev.theroomsocial.com\/de\/wp-json\/wp\/v2\/wdd-property\/293292\/revisions\/392918"}],"wp:featuredmedia":[{"embeddable":true,"href":"http:\/\/yellowinmo.dev.theroomsocial.com\/de\/wp-json\/wp\/v2\/media\/392884"}],"wp:attachment":[{"href":"http:\/\/yellowinmo.dev.theroomsocial.com\/de\/wp-json\/wp\/v2\/media?parent=293292"}],"curies":[{"name":"wp","href":"https:\/\/api.w.org\/{rel}","templated":true}]}}

Villa Alegría

<p><p>Die Villa Alegra liegt in der Gegend namens Las Veguetas in Chiclana de la Frontera, nur 3,5 Kilometer vom Strand La Barrosa entfernt. Das Chalet ist ideal um Ferien zu machen. Das Haus ist in 2 Schlafzimmer, 2 Badezimmer und eine große Wohnküche mit 2 Einzelbetten aufgeteilt. Vorhanden sind ein privater Pool, ein Grill, ein Bad im Außenbereich, eine Garage und Platz zum Entspannen in einer sehr ruhigen Umgebung. Der Preis pro Woche beträgt 1.980 €.</p></p>
