{"id":290766,"date":"2022-09-13T11:07:10","date_gmt":"2022-05-05T12:05:00","guid":{"rendered":"http:\/\/yellowinmo.dev.theroomsocial.com\/property\/2456\/"},"modified":"2023-07-06T13:07:11","modified_gmt":"2023-07-06T13:07:11","slug":"2456","status":"publish","type":"wdd-property","link":"http:\/\/yellowinmo.dev.theroomsocial.com\/de\/property\/2456\/","title":{"rendered":"Villa Primavera"},"content":{"rendered":"<p><p>Tolle Villa zur Miete f\u00fcr die Sommersaison in Chiclana de la Frontera in der Gegend namens Las Rapaces mit einer sehr guten Lage, nur wenige Schritte von Gesch\u00e4ften, Restaurants, Caf\u00e9s und einer Bushaltestelle entfernt. Das Haus verf\u00fcgt \u00fcber 3 Schlafzimmer und 2 Badezimmer , Wohnzimmer mit Esszimmer und Kamin, ausgestattete K\u00fcche. Das Grundst\u00fcck hat 700m2 mit einem sehr gepflegten Garten, perfekt um Ihren Urlaub zu verbringen. Die Entfernung zum Strand betr\u00e4gt 1,5 km.<\/p>\n<p>Preis pro Woche im Juni 750 \u20ac, Juli 950 \u20ac und August 1100 \u20ac pro Woche.<\/p><\/p>\n","protected":false},"author":1,"featured_media":392736,"template":"","class_list":["post-290766","wdd-property","type-wdd-property","status-publish","has-post-thumbnail","hentry","wdd-location-las-rapaces","wdd-operation-vermietung","wdd-property-type-villa"],"_links":{"self":[{"href":"http:\/\/yellowinmo.dev.theroomsocial.com\/de\/wp-json\/wp\/v2\/wdd-property\/290766","targetHints":{"allow":["GET"]}}],"collection":[{"href":"http:\/\/yellowinmo.dev.theroomsocial.com\/de\/wp-json\/wp\/v2\/wdd-property"}],"about":[{"href":"http:\/\/yellowinmo.dev.theroomsocial.com\/de\/wp-json\/wp\/v2\/types\/wdd-property"}],"author":[{"embeddable":true,"href":"http:\/\/yellowinmo.dev.theroomsocial.com\/de\/wp-json\/wp\/v2\/users\/1"}],"version-history":[{"count":3,"href":"http:\/\/yellowinmo.dev.theroomsocial.com\/de\/wp-json\/wp\/v2\/wdd-property\/290766\/revisions"}],"predecessor-version":[{"id":392806,"href":"http:\/\/yellowinmo.dev.theroomsocial.com\/de\/wp-json\/wp\/v2\/wdd-property\/290766\/revisions\/392806"}],"wp:featuredmedia":[{"embeddable":true,"href":"http:\/\/yellowinmo.dev.theroomsocial.com\/de\/wp-json\/wp\/v2\/media\/392736"}],"wp:attachment":[{"href":"http:\/\/yellowinmo.dev.theroomsocial.com\/de\/wp-json\/wp\/v2\/media?parent=290766"}],"curies":[{"name":"wp","href":"https:\/\/api.w.org\/{rel}","templated":true}]}}

<p><p>Tolle Villa zur Miete für die Sommersaison in Chiclana de la Frontera in der Gegend namens Las Rapaces mit einer sehr guten Lage, nur wenige Schritte von Geschäften, Restaurants, Cafés und einer Bushaltestelle entfernt. Das Haus verfügt über 3 Schlafzimmer und 2 Badezimmer , Wohnzimmer mit Esszimmer und Kamin, ausgestattete Küche. Das Grundstück hat 700m2 mit einem sehr gepflegten Garten, perfekt um Ihren Urlaub zu verbringen. Die Entfernung zum Strand beträgt 1,5 km.</p>
<p>Preis pro Woche im Juni 750 €, Juli 950 € und August 1100 € pro Woche.</p></p>
