{"id":289842,"date":"2023-05-08T14:00:22","date_gmt":"2022-04-29T11:50:00","guid":{"rendered":"http:\/\/yellowinmo.dev.theroomsocial.com\/property\/2451\/"},"modified":"2023-07-06T13:06:32","modified_gmt":"2023-07-06T13:06:32","slug":"2451","status":"publish","type":"wdd-property","link":"http:\/\/yellowinmo.dev.theroomsocial.com\/de\/property\/2451\/","title":{"rendered":"Palacete \u00c1tico San Antonio"},"content":{"rendered":"<p><p>Brandneues Penthouse zum Verkauf in einem unbeschreiblichen emblematischen Geb\u00e4ude im Zentrum von C\u00e1diz.<\/p>\n<p>Vorhanden sind 90 Quadratmeter Wohnfl\u00e4che und 110 Quadratmeter private Terrasse mit Blick auf die Plaza San Antonio. Das Penthouse teilt sich auf in 3 Schlafzimmer, 2 B\u00e4der und Wohnk\u00fcche. Erstklassige Qualit\u00e4ten, Klimaanlage warm\/kalt in allen Zimmern. Ausgang zur Terrasse vom Haupteingang, Wohnzimmer und Hauptschlafzimmer. Ideal, um dort das ganze Jahr \u00fcber zu leben.<\/p><\/p>\n","protected":false},"author":1,"featured_media":392620,"template":"","class_list":["post-289842","wdd-property","type-wdd-property","status-publish","has-post-thumbnail","hentry","wdd-location-centro-cadiz-cadiz","wdd-operation-verkauf","wdd-property-type-atico"],"_links":{"self":[{"href":"http:\/\/yellowinmo.dev.theroomsocial.com\/de\/wp-json\/wp\/v2\/wdd-property\/289842","targetHints":{"allow":["GET"]}}],"collection":[{"href":"http:\/\/yellowinmo.dev.theroomsocial.com\/de\/wp-json\/wp\/v2\/wdd-property"}],"about":[{"href":"http:\/\/yellowinmo.dev.theroomsocial.com\/de\/wp-json\/wp\/v2\/types\/wdd-property"}],"author":[{"embeddable":true,"href":"http:\/\/yellowinmo.dev.theroomsocial.com\/de\/wp-json\/wp\/v2\/users\/1"}],"version-history":[{"count":3,"href":"http:\/\/yellowinmo.dev.theroomsocial.com\/de\/wp-json\/wp\/v2\/wdd-property\/289842\/revisions"}],"predecessor-version":[{"id":392706,"href":"http:\/\/yellowinmo.dev.theroomsocial.com\/de\/wp-json\/wp\/v2\/wdd-property\/289842\/revisions\/392706"}],"wp:featuredmedia":[{"embeddable":true,"href":"http:\/\/yellowinmo.dev.theroomsocial.com\/de\/wp-json\/wp\/v2\/media\/392620"}],"wp:attachment":[{"href":"http:\/\/yellowinmo.dev.theroomsocial.com\/de\/wp-json\/wp\/v2\/media?parent=289842"}],"curies":[{"name":"wp","href":"https:\/\/api.w.org\/{rel}","templated":true}]}}

Palacete Ático San Antonio

<p><p>Brandneues Penthouse zum Verkauf in einem unbeschreiblichen emblematischen Gebäude im Zentrum von Cádiz.</p>
<p>Vorhanden sind 90 Quadratmeter Wohnfläche und 110 Quadratmeter private Terrasse mit Blick auf die Plaza San Antonio. Das Penthouse teilt sich auf in 3 Schlafzimmer, 2 Bäder und Wohnküche. Erstklassige Qualitäten, Klimaanlage warm/kalt in allen Zimmern. Ausgang zur Terrasse vom Haupteingang, Wohnzimmer und Hauptschlafzimmer. Ideal, um dort das ganze Jahr über zu leben.</p></p>
